{"id":649,"date":"2021-02-11T00:00:00","date_gmt":"2021-02-11T03:00:00","guid":{"rendered":"http:\/\/camarasalto.sp.gov.br\/tvweb\/videos\/reuniao-comissao-de-justica-e-redacao-11-02-2021\/"},"modified":"2024-08-23T09:46:13","modified_gmt":"2024-08-23T12:46:13","slug":"reuniao-comissao-de-justica-e-redacao-11-02-2021","status":"publish","type":"videos","link":"https:\/\/camarasalto.sp.gov.br\/tvweb\/videos\/reuniao-comissao-de-justica-e-redacao-11-02-2021\/","title":{"rendered":"Reuni\u00e3o &#8211;  Comiss\u00e3o de Justi\u00e7a e Reda\u00e7\u00e3o &#8211; 11-02-2021"},"content":{"rendered":"","protected":false},"featured_media":0,"template":"","meta":{"_acf_changed":false,"_et_pb_use_builder":"","_et_pb_old_content":"","_et_gb_content_width":""},"class_list":["post-649","videos","type-videos","status-publish","hentry"],"acf":{"video_url":"https:\/\/www.camarasalto.sp.gov.br\/player\/comissoes\/comissao-justica-redacao-11-02-2021.mp4","video_categoria":"9","data_video":"20210211","anexar_pauta":{"texto_botao_arquivo_pauta":"Pauta","arquivo_pauta":null},"anexar_ata":{"texto_botao_arquivo_ata":"Ata","arquivo_ata":null}},"views":215,"_links":{"self":[{"href":"https:\/\/camarasalto.sp.gov.br\/tvweb\/wp-json\/wp\/v2\/videos\/649","targetHints":{"allow":["GET"]}}],"collection":[{"href":"https:\/\/camarasalto.sp.gov.br\/tvweb\/wp-json\/wp\/v2\/videos"}],"about":[{"href":"https:\/\/camarasalto.sp.gov.br\/tvweb\/wp-json\/wp\/v2\/types\/videos"}],"wp:attachment":[{"href":"https:\/\/camarasalto.sp.gov.br\/tvweb\/wp-json\/wp\/v2\/media?parent=649"}],"curies":[{"name":"wp","href":"https:\/\/api.w.org\/{rel}","templated":true}]}}

Reunião &#8211;  Comissão de Justiça e Redação &#8211; 11-02-2021
