{"id":596,"date":"2020-02-20T00:00:00","date_gmt":"2020-02-20T03:00:00","guid":{"rendered":"http:\/\/camarasalto.sp.gov.br\/tvweb\/videos\/audiencia-publica-secretaria-da-saude-20-02-2020\/"},"modified":"2024-08-26T16:44:48","modified_gmt":"2024-08-26T19:44:48","slug":"audiencia-publica-secretaria-da-saude-20-02-2020","status":"publish","type":"videos","link":"https:\/\/camarasalto.sp.gov.br\/tvweb\/videos\/audiencia-publica-secretaria-da-saude-20-02-2020\/","title":{"rendered":"Audi\u00eancia P\u00fablica &#8211; Secretaria de Sa\u00fade &#8211; 20-02-2020"},"content":{"rendered":"","protected":false},"featured_media":0,"template":"","meta":{"_acf_changed":false,"_et_pb_use_builder":"","_et_pb_old_content":"","_et_gb_content_width":""},"class_list":["post-596","videos","type-videos","status-publish","hentry"],"acf":{"video_url":"https:\/\/www.camarasalto.sp.gov.br\/player\/audiencias-publicas\/audiencia-publica-saude-20-02-2020.mp4","video_categoria":"6","data_video":"20200220","anexar_pauta":{"texto_botao_arquivo_pauta":"Pauta","arquivo_pauta":""},"anexar_ata":{"texto_botao_arquivo_ata":"Ata","arquivo_ata":""}},"views":213,"_links":{"self":[{"href":"https:\/\/camarasalto.sp.gov.br\/tvweb\/wp-json\/wp\/v2\/videos\/596","targetHints":{"allow":["GET"]}}],"collection":[{"href":"https:\/\/camarasalto.sp.gov.br\/tvweb\/wp-json\/wp\/v2\/videos"}],"about":[{"href":"https:\/\/camarasalto.sp.gov.br\/tvweb\/wp-json\/wp\/v2\/types\/videos"}],"wp:attachment":[{"href":"https:\/\/camarasalto.sp.gov.br\/tvweb\/wp-json\/wp\/v2\/media?parent=596"}],"curies":[{"name":"wp","href":"https:\/\/api.w.org\/{rel}","templated":true}]}}

Audiência Pública &#8211; Secretaria de Saúde &#8211; 20-02-2020
