{"id":595,"date":"2020-02-20T00:00:00","date_gmt":"2020-02-20T03:00:00","guid":{"rendered":"http:\/\/camarasalto.sp.gov.br\/tvweb\/videos\/audiencia-publica-secretaria-de-financas-20-02-2020\/"},"modified":"2024-08-23T09:36:19","modified_gmt":"2024-08-23T12:36:19","slug":"audiencia-publica-secretaria-de-financas-20-02-2020","status":"publish","type":"videos","link":"https:\/\/camarasalto.sp.gov.br\/tvweb\/videos\/audiencia-publica-secretaria-de-financas-20-02-2020\/","title":{"rendered":"Audi\u00eancia P\u00fablica &#8211; Secretaria de Finan\u00e7as &#8211; 20-02-2020"},"content":{"rendered":"","protected":false},"featured_media":0,"template":"","meta":{"_acf_changed":false,"_et_pb_use_builder":"","_et_pb_old_content":"","_et_gb_content_width":""},"class_list":["post-595","videos","type-videos","status-publish","hentry"],"acf":{"video_url":"https:\/\/www.camarasalto.sp.gov.br\/player\/audiencias-publicas\/audiencia-publica-financas-20-02-2020.mp4","video_categoria":"5","data_video":"20200220","anexar_pauta":{"texto_botao_arquivo_pauta":"Pauta","arquivo_pauta":null},"anexar_ata":{"texto_botao_arquivo_ata":"Ata","arquivo_ata":null}},"views":137,"_links":{"self":[{"href":"https:\/\/camarasalto.sp.gov.br\/tvweb\/wp-json\/wp\/v2\/videos\/595","targetHints":{"allow":["GET"]}}],"collection":[{"href":"https:\/\/camarasalto.sp.gov.br\/tvweb\/wp-json\/wp\/v2\/videos"}],"about":[{"href":"https:\/\/camarasalto.sp.gov.br\/tvweb\/wp-json\/wp\/v2\/types\/videos"}],"wp:attachment":[{"href":"https:\/\/camarasalto.sp.gov.br\/tvweb\/wp-json\/wp\/v2\/media?parent=595"}],"curies":[{"name":"wp","href":"https:\/\/api.w.org\/{rel}","templated":true}]}}

Audiência Pública &#8211; Secretaria de Finanças &#8211; 20-02-2020
