{"id":534,"date":"2019-02-28T00:00:00","date_gmt":"2019-02-28T03:00:00","guid":{"rendered":"http:\/\/camarasalto.sp.gov.br\/tvweb\/videos\/reuniao-sec-des-economico-28-02-2019\/"},"modified":"2024-08-23T11:23:28","modified_gmt":"2024-08-23T14:23:28","slug":"reuniao-sec-des-economico-28-02-2019","status":"publish","type":"videos","link":"https:\/\/camarasalto.sp.gov.br\/tvweb\/videos\/reuniao-sec-des-economico-28-02-2019\/","title":{"rendered":"Reuni\u00e3o &#8211; Secret\u00e1ria de Desenvolvimento Econ\u00f4mico &#8211; 28-02-2019"},"content":{"rendered":"","protected":false},"featured_media":0,"template":"","meta":{"_acf_changed":true,"_et_pb_use_builder":"","_et_pb_old_content":"","_et_gb_content_width":""},"class_list":["post-534","videos","type-videos","status-publish","hentry"],"acf":{"video_url":"https:\/\/www.camarasalto.sp.gov.br\/player\/reunioes\/reuniao-sec-des-economico-28-02-2019.mp4","video_categoria":"16","data_video":"20190228","anexar_pauta":{"texto_botao_arquivo_pauta":"Pauta","arquivo_pauta":""},"anexar_ata":{"texto_botao_arquivo_ata":"Ata","arquivo_ata":""}},"views":444,"_links":{"self":[{"href":"https:\/\/camarasalto.sp.gov.br\/tvweb\/wp-json\/wp\/v2\/videos\/534","targetHints":{"allow":["GET"]}}],"collection":[{"href":"https:\/\/camarasalto.sp.gov.br\/tvweb\/wp-json\/wp\/v2\/videos"}],"about":[{"href":"https:\/\/camarasalto.sp.gov.br\/tvweb\/wp-json\/wp\/v2\/types\/videos"}],"wp:attachment":[{"href":"https:\/\/camarasalto.sp.gov.br\/tvweb\/wp-json\/wp\/v2\/media?parent=534"}],"curies":[{"name":"wp","href":"https:\/\/api.w.org\/{rel}","templated":true}]}}

Reunião &#8211; Secretária de Desenvolvimento Econômico &#8211; 28-02-2019
