{"id":433,"date":"2017-09-28T00:00:00","date_gmt":"2017-09-28T03:00:00","guid":{"rendered":"http:\/\/camarasalto.sp.gov.br\/tvweb\/videos\/aud-pub-financas-e-saae-28-09-2017\/"},"modified":"2024-08-23T10:34:02","modified_gmt":"2024-08-23T13:34:02","slug":"aud-pub-financas-e-saae-28-09-2017","status":"publish","type":"videos","link":"https:\/\/camarasalto.sp.gov.br\/tvweb\/videos\/aud-pub-financas-e-saae-28-09-2017\/","title":{"rendered":"Audi\u00eancia P\u00fablica &#8211; Finan\u00e7as e SAAE &#8211; 28-09-2017"},"content":{"rendered":"","protected":false},"featured_media":0,"template":"","meta":{"_acf_changed":false,"_et_pb_use_builder":"","_et_pb_old_content":"","_et_gb_content_width":""},"class_list":["post-433","videos","type-videos","status-publish","hentry"],"acf":{"video_url":"https:\/\/www.camarasalto.sp.gov.br\/player\/audiencias-publicas\/audiencia-publica-financas-e-saae-28-09-2017.mp4","video_categoria":"5","data_video":"20170928","anexar_pauta":{"texto_botao_arquivo_pauta":"Pauta","arquivo_pauta":""},"anexar_ata":{"texto_botao_arquivo_ata":"Ata","arquivo_ata":""}},"views":313,"_links":{"self":[{"href":"https:\/\/camarasalto.sp.gov.br\/tvweb\/wp-json\/wp\/v2\/videos\/433","targetHints":{"allow":["GET"]}}],"collection":[{"href":"https:\/\/camarasalto.sp.gov.br\/tvweb\/wp-json\/wp\/v2\/videos"}],"about":[{"href":"https:\/\/camarasalto.sp.gov.br\/tvweb\/wp-json\/wp\/v2\/types\/videos"}],"wp:attachment":[{"href":"https:\/\/camarasalto.sp.gov.br\/tvweb\/wp-json\/wp\/v2\/media?parent=433"}],"curies":[{"name":"wp","href":"https:\/\/api.w.org\/{rel}","templated":true}]}}

Audiência Pública &#8211; Finanças e SAAE &#8211; 28-09-2017
