{"id":386,"date":"2017-02-21T00:00:00","date_gmt":"2017-02-21T03:00:00","guid":{"rendered":"http:\/\/camarasalto.sp.gov.br\/tvweb\/videos\/audiencia-publica-saude-23-02-2017\/"},"modified":"2024-08-23T09:37:29","modified_gmt":"2024-08-23T12:37:29","slug":"audiencia-publica-saude-23-02-2017","status":"publish","type":"videos","link":"https:\/\/camarasalto.sp.gov.br\/tvweb\/videos\/audiencia-publica-saude-23-02-2017\/","title":{"rendered":"Audi\u00eancia P\u00fablica &#8211; Sa\u00fade &#8211; 23-02-2017"},"content":{"rendered":"","protected":false},"featured_media":0,"template":"","meta":{"_acf_changed":false,"_et_pb_use_builder":"","_et_pb_old_content":"","_et_gb_content_width":""},"class_list":["post-386","videos","type-videos","status-publish","hentry"],"acf":{"video_url":"https:\/\/www.camarasalto.sp.gov.br\/player\/audiencias-publicas\/audiencia-publica-saude-23-02-2017.mp4","video_categoria":"6","data_video":"20170221","anexar_pauta":{"texto_botao_arquivo_pauta":"Pauta","arquivo_pauta":null},"anexar_ata":{"texto_botao_arquivo_ata":"Ata","arquivo_ata":null}},"views":175,"_links":{"self":[{"href":"https:\/\/camarasalto.sp.gov.br\/tvweb\/wp-json\/wp\/v2\/videos\/386","targetHints":{"allow":["GET"]}}],"collection":[{"href":"https:\/\/camarasalto.sp.gov.br\/tvweb\/wp-json\/wp\/v2\/videos"}],"about":[{"href":"https:\/\/camarasalto.sp.gov.br\/tvweb\/wp-json\/wp\/v2\/types\/videos"}],"wp:attachment":[{"href":"https:\/\/camarasalto.sp.gov.br\/tvweb\/wp-json\/wp\/v2\/media?parent=386"}],"curies":[{"name":"wp","href":"https:\/\/api.w.org\/{rel}","templated":true}]}}

Audiência Pública &#8211; Saúde &#8211; 23-02-2017
