{"id":381,"date":"2016-12-22T00:00:00","date_gmt":"2016-12-22T02:00:00","guid":{"rendered":"http:\/\/camarasalto.sp.gov.br\/tvweb\/videos\/reuniao-situacao-das-financas-do-municipio-18-01-2017\/"},"modified":"2024-08-23T10:41:25","modified_gmt":"2024-08-23T13:41:25","slug":"reuniao-situacao-das-financas-do-municipio-18-01-2017","status":"publish","type":"videos","link":"https:\/\/camarasalto.sp.gov.br\/tvweb\/videos\/reuniao-situacao-das-financas-do-municipio-18-01-2017\/","title":{"rendered":"Reuni\u00e3o &#8211; Situa\u00e7\u00e3o das Finan\u00e7as do Munic\u00edpio &#8211; 18-01-2017"},"content":{"rendered":"","protected":false},"featured_media":0,"template":"","meta":{"_acf_changed":true,"_et_pb_use_builder":"","_et_pb_old_content":"","_et_gb_content_width":""},"class_list":["post-381","videos","type-videos","status-publish","hentry"],"acf":{"video_url":"https:\/\/www.camarasalto.sp.gov.br\/player\/reunioes\/reuniao-prefeito-secretaria-de-financas-18-01-2017.mp4","video_categoria":"17","data_video":"20161222","anexar_pauta":{"texto_botao_arquivo_pauta":"Pauta","arquivo_pauta":""},"anexar_ata":{"texto_botao_arquivo_ata":"Ata","arquivo_ata":""}},"views":194,"_links":{"self":[{"href":"https:\/\/camarasalto.sp.gov.br\/tvweb\/wp-json\/wp\/v2\/videos\/381","targetHints":{"allow":["GET"]}}],"collection":[{"href":"https:\/\/camarasalto.sp.gov.br\/tvweb\/wp-json\/wp\/v2\/videos"}],"about":[{"href":"https:\/\/camarasalto.sp.gov.br\/tvweb\/wp-json\/wp\/v2\/types\/videos"}],"wp:attachment":[{"href":"https:\/\/camarasalto.sp.gov.br\/tvweb\/wp-json\/wp\/v2\/media?parent=381"}],"curies":[{"name":"wp","href":"https:\/\/api.w.org\/{rel}","templated":true}]}}

Reunião &#8211; Situação das Finanças do Município &#8211; 18-01-2017
