{"id":366,"date":"2016-10-11T00:00:00","date_gmt":"2016-10-11T03:00:00","guid":{"rendered":"http:\/\/camarasalto.sp.gov.br\/tvweb\/videos\/reuniao-suas-sistema-unico-de-assistencia-social-20-10-2016\/"},"modified":"2024-08-23T11:27:39","modified_gmt":"2024-08-23T14:27:39","slug":"reuniao-suas-sistema-unico-de-assistencia-social-20-10-2016","status":"publish","type":"videos","link":"https:\/\/camarasalto.sp.gov.br\/tvweb\/videos\/reuniao-suas-sistema-unico-de-assistencia-social-20-10-2016\/","title":{"rendered":"Reuni\u00e3o &#8211; SUAS (Sistema \u00danico de Assist\u00eancia Social) &#8211; 20-10-2016"},"content":{"rendered":"","protected":false},"featured_media":0,"template":"","meta":{"_acf_changed":false,"_et_pb_use_builder":"","_et_pb_old_content":"","_et_gb_content_width":""},"class_list":["post-366","videos","type-videos","status-publish","hentry"],"acf":{"video_url":"https:\/\/www.camarasalto.sp.gov.br\/player\/reunioes\/reuniao-suas-sistema-unico-assistencia-social-20-10-2016.mp4","video_categoria":"17","data_video":"20161011","anexar_pauta":{"texto_botao_arquivo_pauta":"Pauta","arquivo_pauta":null},"anexar_ata":{"texto_botao_arquivo_ata":"Ata","arquivo_ata":null}},"views":439,"_links":{"self":[{"href":"https:\/\/camarasalto.sp.gov.br\/tvweb\/wp-json\/wp\/v2\/videos\/366","targetHints":{"allow":["GET"]}}],"collection":[{"href":"https:\/\/camarasalto.sp.gov.br\/tvweb\/wp-json\/wp\/v2\/videos"}],"about":[{"href":"https:\/\/camarasalto.sp.gov.br\/tvweb\/wp-json\/wp\/v2\/types\/videos"}],"wp:attachment":[{"href":"https:\/\/camarasalto.sp.gov.br\/tvweb\/wp-json\/wp\/v2\/media?parent=366"}],"curies":[{"name":"wp","href":"https:\/\/api.w.org\/{rel}","templated":true}]}}

Reunião &#8211; SUAS (Sistema Único de Assistência Social) &#8211; 20-10-2016
