{"id":331,"date":"2016-03-22T00:00:00","date_gmt":"2016-03-22T03:00:00","guid":{"rendered":"http:\/\/camarasalto.sp.gov.br\/tvweb\/videos\/audiencia-publica-saae-e-financas-25-05-2016\/"},"modified":"2024-08-23T12:08:54","modified_gmt":"2024-08-23T15:08:54","slug":"audiencia-publica-saae-e-financas-25-05-2016","status":"publish","type":"videos","link":"https:\/\/camarasalto.sp.gov.br\/tvweb\/videos\/audiencia-publica-saae-e-financas-25-05-2016\/","title":{"rendered":"Audi\u00eancia P\u00fablica &#8211; SAAE e Finan\u00e7as &#8211; 25-05-2016"},"content":{"rendered":"","protected":false},"featured_media":0,"template":"","meta":{"_acf_changed":false,"_et_pb_use_builder":"","_et_pb_old_content":"","_et_gb_content_width":""},"class_list":["post-331","videos","type-videos","status-publish","hentry"],"acf":{"video_url":"https:\/\/www.camarasalto.sp.gov.br\/player\/audiencias-publicas\/audiencia-publica-saae-e-financas-25-05-2016.mp4","video_categoria":"5","data_video":"20160322","anexar_pauta":{"texto_botao_arquivo_pauta":"Pauta","arquivo_pauta":""},"anexar_ata":{"texto_botao_arquivo_ata":"Ata","arquivo_ata":""}},"views":127,"_links":{"self":[{"href":"https:\/\/camarasalto.sp.gov.br\/tvweb\/wp-json\/wp\/v2\/videos\/331","targetHints":{"allow":["GET"]}}],"collection":[{"href":"https:\/\/camarasalto.sp.gov.br\/tvweb\/wp-json\/wp\/v2\/videos"}],"about":[{"href":"https:\/\/camarasalto.sp.gov.br\/tvweb\/wp-json\/wp\/v2\/types\/videos"}],"wp:attachment":[{"href":"https:\/\/camarasalto.sp.gov.br\/tvweb\/wp-json\/wp\/v2\/media?parent=331"}],"curies":[{"name":"wp","href":"https:\/\/api.w.org\/{rel}","templated":true}]}}

Audiência Pública &#8211; SAAE e Finanças &#8211; 25-05-2016
