{"id":2069,"date":"2026-04-30T10:50:51","date_gmt":"2026-04-30T13:50:51","guid":{"rendered":"https:\/\/camarasalto.sp.gov.br\/tvweb\/?post_type=videos&#038;p=2069"},"modified":"2026-04-30T10:50:53","modified_gmt":"2026-04-30T13:50:53","slug":"reuniao-vereadores-e-secretaria-de-educacao-30-04-2026","status":"publish","type":"videos","link":"https:\/\/camarasalto.sp.gov.br\/tvweb\/videos\/reuniao-vereadores-e-secretaria-de-educacao-30-04-2026\/","title":{"rendered":"Reuni\u00e3o \u2013 Vereadores e Secret\u00e1ria de Educa\u00e7\u00e3o \u2013 30\/04\/2026"},"content":{"rendered":"","protected":false},"featured_media":0,"template":"","meta":{"_acf_changed":true,"_et_pb_use_builder":"","_et_pb_old_content":"","_et_gb_content_width":""},"class_list":["post-2069","videos","type-videos","status-publish","hentry"],"acf":{"video_url":"https:\/\/www.camarasalto.sp.gov.br\/player\/reunioes\/2026\/resposta-requerimento\/01-resposta-requerimento-30-04-2026.mp4","video_categoria":"16","data_video":"20260430","anexar_pauta":{"texto_botao_arquivo_pauta":"Pauta","arquivo_pauta":""},"anexar_ata":{"texto_botao_arquivo_ata":"Ata","arquivo_ata":""}},"views":38,"_links":{"self":[{"href":"https:\/\/camarasalto.sp.gov.br\/tvweb\/wp-json\/wp\/v2\/videos\/2069","targetHints":{"allow":["GET"]}}],"collection":[{"href":"https:\/\/camarasalto.sp.gov.br\/tvweb\/wp-json\/wp\/v2\/videos"}],"about":[{"href":"https:\/\/camarasalto.sp.gov.br\/tvweb\/wp-json\/wp\/v2\/types\/videos"}],"wp:attachment":[{"href":"https:\/\/camarasalto.sp.gov.br\/tvweb\/wp-json\/wp\/v2\/media?parent=2069"}],"curies":[{"name":"wp","href":"https:\/\/api.w.org\/{rel}","templated":true}]}}

Reunião – Vereadores e Secretária de Educação – 30/04/2026
