{"id":2046,"date":"2026-04-01T15:48:57","date_gmt":"2026-04-01T18:48:57","guid":{"rendered":"https:\/\/camarasalto.sp.gov.br\/tvweb\/?post_type=videos&#038;p=2046"},"modified":"2026-04-01T15:48:58","modified_gmt":"2026-04-01T18:48:58","slug":"3a-reuniao-extraordinaria-comissao-de-financas-orcamento-e-planejamento-01-04-2026","status":"publish","type":"videos","link":"https:\/\/camarasalto.sp.gov.br\/tvweb\/videos\/3a-reuniao-extraordinaria-comissao-de-financas-orcamento-e-planejamento-01-04-2026\/","title":{"rendered":"3\u00aa Reuni\u00e3o Extraordin\u00e1ria \u2013 Comiss\u00e3o de Finan\u00e7as, Or\u00e7amento e Planejamento \u2013 01-04-2026"},"content":{"rendered":"","protected":false},"featured_media":0,"template":"","meta":{"_acf_changed":true,"_et_pb_use_builder":"","_et_pb_old_content":"","_et_gb_content_width":""},"class_list":["post-2046","videos","type-videos","status-publish","hentry"],"acf":{"video_url":"https:\/\/www.camarasalto.sp.gov.br\/player\/comissoes\/2026\/cfop\/03-extraordinaria-cfop-01-04-2026.mp4","video_categoria":"11","data_video":"20260401","anexar_pauta":{"texto_botao_arquivo_pauta":"Pauta","arquivo_pauta":""},"anexar_ata":{"texto_botao_arquivo_ata":"Ata","arquivo_ata":""}},"views":40,"_links":{"self":[{"href":"https:\/\/camarasalto.sp.gov.br\/tvweb\/wp-json\/wp\/v2\/videos\/2046","targetHints":{"allow":["GET"]}}],"collection":[{"href":"https:\/\/camarasalto.sp.gov.br\/tvweb\/wp-json\/wp\/v2\/videos"}],"about":[{"href":"https:\/\/camarasalto.sp.gov.br\/tvweb\/wp-json\/wp\/v2\/types\/videos"}],"wp:attachment":[{"href":"https:\/\/camarasalto.sp.gov.br\/tvweb\/wp-json\/wp\/v2\/media?parent=2046"}],"curies":[{"name":"wp","href":"https:\/\/api.w.org\/{rel}","templated":true}]}}

3ª Reunião Extraordinária – Comissão de Finanças, Orçamento e Planejamento – 01-04-2026
