{"id":2036,"date":"2026-03-19T11:11:03","date_gmt":"2026-03-19T14:11:03","guid":{"rendered":"https:\/\/camarasalto.sp.gov.br\/tvweb\/?post_type=videos&#038;p=2036"},"modified":"2026-03-19T11:11:05","modified_gmt":"2026-03-19T14:11:05","slug":"comissao-especial-de-inquerito-torres-icarai-19-03-2026","status":"publish","type":"videos","link":"https:\/\/camarasalto.sp.gov.br\/tvweb\/videos\/comissao-especial-de-inquerito-torres-icarai-19-03-2026\/","title":{"rendered":"Comiss\u00e3o Especial de Inqu\u00e9rito &#8211; Torres Icara\u00ed- 19-03-2026"},"content":{"rendered":"","protected":false},"featured_media":0,"template":"","meta":{"_acf_changed":true,"_et_pb_use_builder":"","_et_pb_old_content":"","_et_gb_content_width":""},"class_list":["post-2036","videos","type-videos","status-publish","hentry"],"acf":{"video_url":"https:\/\/camarasalto.sp.gov.br\/player\/reunioes\/2026\/cei\/06-cei-torres-icarai-19-03-2026.mp4","video_categoria":"17","data_video":"20260319","anexar_pauta":{"texto_botao_arquivo_pauta":"Pauta","arquivo_pauta":""},"anexar_ata":{"texto_botao_arquivo_ata":"Ata","arquivo_ata":""}},"views":263,"_links":{"self":[{"href":"https:\/\/camarasalto.sp.gov.br\/tvweb\/wp-json\/wp\/v2\/videos\/2036","targetHints":{"allow":["GET"]}}],"collection":[{"href":"https:\/\/camarasalto.sp.gov.br\/tvweb\/wp-json\/wp\/v2\/videos"}],"about":[{"href":"https:\/\/camarasalto.sp.gov.br\/tvweb\/wp-json\/wp\/v2\/types\/videos"}],"wp:attachment":[{"href":"https:\/\/camarasalto.sp.gov.br\/tvweb\/wp-json\/wp\/v2\/media?parent=2036"}],"curies":[{"name":"wp","href":"https:\/\/api.w.org\/{rel}","templated":true}]}}

Comissão Especial de Inquérito &#8211; Torres Icaraí- 19-03-2026
