{"id":2032,"date":"2026-03-18T10:51:05","date_gmt":"2026-03-18T13:51:05","guid":{"rendered":"https:\/\/camarasalto.sp.gov.br\/tvweb\/?post_type=videos&#038;p=2032"},"modified":"2026-03-18T10:51:07","modified_gmt":"2026-03-18T13:51:07","slug":"1a-reuniao-comissao-mista-justica-e-organizacao-18-03-2026","status":"publish","type":"videos","link":"https:\/\/camarasalto.sp.gov.br\/tvweb\/videos\/1a-reuniao-comissao-mista-justica-e-organizacao-18-03-2026\/","title":{"rendered":"1\u00aa Reuni\u00e3o \u2013 Comiss\u00e3o Mista Justi\u00e7a e Organiza\u00e7\u00e3o \u2013 18-03-2026"},"content":{"rendered":"","protected":false},"featured_media":0,"template":"","meta":{"_acf_changed":true,"_et_pb_use_builder":"","_et_pb_old_content":"","_et_gb_content_width":""},"class_list":["post-2032","videos","type-videos","status-publish","hentry"],"acf":{"video_url":"https:\/\/camarasalto.sp.gov.br\/player\/comissoes\/2026\/ccjr-corg\/01-comissao-mista-justica-organizacao-18-03-2026.mp4","video_categoria":"12","data_video":"20260318","anexar_pauta":{"texto_botao_arquivo_pauta":"Pauta","arquivo_pauta":""},"anexar_ata":{"texto_botao_arquivo_ata":"Ata","arquivo_ata":""}},"views":55,"_links":{"self":[{"href":"https:\/\/camarasalto.sp.gov.br\/tvweb\/wp-json\/wp\/v2\/videos\/2032","targetHints":{"allow":["GET"]}}],"collection":[{"href":"https:\/\/camarasalto.sp.gov.br\/tvweb\/wp-json\/wp\/v2\/videos"}],"about":[{"href":"https:\/\/camarasalto.sp.gov.br\/tvweb\/wp-json\/wp\/v2\/types\/videos"}],"wp:attachment":[{"href":"https:\/\/camarasalto.sp.gov.br\/tvweb\/wp-json\/wp\/v2\/media?parent=2032"}],"curies":[{"name":"wp","href":"https:\/\/api.w.org\/{rel}","templated":true}]}}

1ª Reunião – Comissão Mista Justiça e Organização – 18-03-2026
