{"id":2030,"date":"2026-03-18T09:38:53","date_gmt":"2026-03-18T12:38:53","guid":{"rendered":"https:\/\/camarasalto.sp.gov.br\/tvweb\/?post_type=videos&#038;p=2030"},"modified":"2026-03-18T09:38:55","modified_gmt":"2026-03-18T12:38:55","slug":"2a-reuniao-extraordinaria-comissao-de-financas-orcamento-e-planejamento-18-03-2026","status":"publish","type":"videos","link":"https:\/\/camarasalto.sp.gov.br\/tvweb\/videos\/2a-reuniao-extraordinaria-comissao-de-financas-orcamento-e-planejamento-18-03-2026\/","title":{"rendered":"2\u00aa Reuni\u00e3o Extraordin\u00e1ria \u2013 Comiss\u00e3o de Finan\u00e7as, Or\u00e7amento e Planejamento \u2013 18-03-2026"},"content":{"rendered":"","protected":false},"featured_media":0,"template":"","meta":{"_acf_changed":true,"_et_pb_use_builder":"","_et_pb_old_content":"","_et_gb_content_width":""},"class_list":["post-2030","videos","type-videos","status-publish","hentry"],"acf":{"video_url":"https:\/\/www.camarasalto.sp.gov.br\/player\/comissoes\/2026\/cfop\/02-extraordinaria-cfop-18-03-2026.mp4","video_categoria":"11","data_video":"20260318","anexar_pauta":{"texto_botao_arquivo_pauta":"Pauta","arquivo_pauta":""},"anexar_ata":{"texto_botao_arquivo_ata":"Ata","arquivo_ata":""}},"views":32,"_links":{"self":[{"href":"https:\/\/camarasalto.sp.gov.br\/tvweb\/wp-json\/wp\/v2\/videos\/2030","targetHints":{"allow":["GET"]}}],"collection":[{"href":"https:\/\/camarasalto.sp.gov.br\/tvweb\/wp-json\/wp\/v2\/videos"}],"about":[{"href":"https:\/\/camarasalto.sp.gov.br\/tvweb\/wp-json\/wp\/v2\/types\/videos"}],"wp:attachment":[{"href":"https:\/\/camarasalto.sp.gov.br\/tvweb\/wp-json\/wp\/v2\/media?parent=2030"}],"curies":[{"name":"wp","href":"https:\/\/api.w.org\/{rel}","templated":true}]}}

2ª Reunião Extraordinária – Comissão de Finanças, Orçamento e Planejamento – 18-03-2026
