{"id":2024,"date":"2026-03-12T14:00:09","date_gmt":"2026-03-12T17:00:09","guid":{"rendered":"https:\/\/camarasalto.sp.gov.br\/tvweb\/?post_type=videos&#038;p=2024"},"modified":"2026-03-12T14:00:12","modified_gmt":"2026-03-12T17:00:12","slug":"2a-reuniao-comissao-mista-justica-financas-e-organizacao-12-03-2026","status":"publish","type":"videos","link":"https:\/\/camarasalto.sp.gov.br\/tvweb\/videos\/2a-reuniao-comissao-mista-justica-financas-e-organizacao-12-03-2026\/","title":{"rendered":"2\u00aa Reuni\u00e3o \u2013 Comiss\u00e3o Mista Justi\u00e7a, Finan\u00e7as e Organiza\u00e7\u00e3o \u2013 12-03-2026"},"content":{"rendered":"","protected":false},"featured_media":0,"template":"","meta":{"_acf_changed":true,"_et_pb_use_builder":"","_et_pb_old_content":"","_et_gb_content_width":""},"class_list":["post-2024","videos","type-videos","status-publish","hentry"],"acf":{"video_url":"https:\/\/camarasalto.sp.gov.br\/player\/comissoes\/2026\/ccjr-corg-cfop\/02-comissao-ccjr-corg-cfop-12-03-2026.mp4","video_categoria":"12","data_video":"20260312","anexar_pauta":{"texto_botao_arquivo_pauta":"Pauta","arquivo_pauta":""},"anexar_ata":{"texto_botao_arquivo_ata":"Ata","arquivo_ata":""}},"views":33,"_links":{"self":[{"href":"https:\/\/camarasalto.sp.gov.br\/tvweb\/wp-json\/wp\/v2\/videos\/2024","targetHints":{"allow":["GET"]}}],"collection":[{"href":"https:\/\/camarasalto.sp.gov.br\/tvweb\/wp-json\/wp\/v2\/videos"}],"about":[{"href":"https:\/\/camarasalto.sp.gov.br\/tvweb\/wp-json\/wp\/v2\/types\/videos"}],"wp:attachment":[{"href":"https:\/\/camarasalto.sp.gov.br\/tvweb\/wp-json\/wp\/v2\/media?parent=2024"}],"curies":[{"name":"wp","href":"https:\/\/api.w.org\/{rel}","templated":true}]}}

2ª Reunião – Comissão Mista Justiça, Finanças e Organização – 12-03-2026
