{"id":1979,"date":"2025-12-01T10:34:51","date_gmt":"2025-12-01T13:34:51","guid":{"rendered":"https:\/\/camarasalto.sp.gov.br\/tvweb\/?post_type=videos&#038;p=1979"},"modified":"2025-12-01T10:34:54","modified_gmt":"2025-12-01T13:34:54","slug":"reuniao-vereadores-e-secretario-de-obras-e-servicos-publicos-01-12-2025-lom","status":"publish","type":"videos","link":"https:\/\/camarasalto.sp.gov.br\/tvweb\/videos\/reuniao-vereadores-e-secretario-de-obras-e-servicos-publicos-01-12-2025-lom\/","title":{"rendered":"Reuni\u00e3o \u2013 Vereadores e Secret\u00e1rio de Obras e Servi\u00e7os P\u00fablicos \u2013 01\/12\/2025 \u2013 LOM"},"content":{"rendered":"","protected":false},"featured_media":0,"template":"","meta":{"_acf_changed":true,"_et_pb_use_builder":"","_et_pb_old_content":"","_et_gb_content_width":""},"class_list":["post-1979","videos","type-videos","status-publish","hentry"],"acf":{"video_url":"https:\/\/camarasalto.sp.gov.br\/player\/reunioes\/2025\/lom\/24-reuniao-lom-servicos-publicos-01-12-2025.mp4","video_categoria":"15","data_video":"20251201","anexar_pauta":{"texto_botao_arquivo_pauta":"Pauta","arquivo_pauta":""},"anexar_ata":{"texto_botao_arquivo_ata":"Ata","arquivo_ata":""}},"views":89,"_links":{"self":[{"href":"https:\/\/camarasalto.sp.gov.br\/tvweb\/wp-json\/wp\/v2\/videos\/1979","targetHints":{"allow":["GET"]}}],"collection":[{"href":"https:\/\/camarasalto.sp.gov.br\/tvweb\/wp-json\/wp\/v2\/videos"}],"about":[{"href":"https:\/\/camarasalto.sp.gov.br\/tvweb\/wp-json\/wp\/v2\/types\/videos"}],"wp:attachment":[{"href":"https:\/\/camarasalto.sp.gov.br\/tvweb\/wp-json\/wp\/v2\/media?parent=1979"}],"curies":[{"name":"wp","href":"https:\/\/api.w.org\/{rel}","templated":true}]}}

Reunião – Vereadores e Secretário de Obras e Serviços Públicos – 01/12/2025 – LOM
