{"id":1955,"date":"2025-11-10T14:29:27","date_gmt":"2025-11-10T17:29:27","guid":{"rendered":"https:\/\/camarasalto.sp.gov.br\/tvweb\/?post_type=videos&#038;p=1955"},"modified":"2025-11-10T14:29:29","modified_gmt":"2025-11-10T17:29:29","slug":"7a-reuniao-extraordinaria-comissao-de-financas-orcamento-e-planejamento-10-11-2025","status":"publish","type":"videos","link":"https:\/\/camarasalto.sp.gov.br\/tvweb\/videos\/7a-reuniao-extraordinaria-comissao-de-financas-orcamento-e-planejamento-10-11-2025\/","title":{"rendered":"7\u00aa Reuni\u00e3o Extraordin\u00e1ria \u2013 Comiss\u00e3o de Finan\u00e7as, Or\u00e7amento e Planejamento \u2013 10-11-2025"},"content":{"rendered":"","protected":false},"featured_media":0,"template":"","meta":{"_acf_changed":true,"_et_pb_use_builder":"","_et_pb_old_content":"","_et_gb_content_width":""},"class_list":["post-1955","videos","type-videos","status-publish","hentry"],"acf":{"video_url":"https:\/\/www.camarasalto.sp.gov.br\/player\/comissoes\/2025\/cfop\/07-extraordinaria-comissao-financas-orcamento-planejamento-10-11-2025.mp4","video_categoria":"11","data_video":"20251110","anexar_pauta":{"texto_botao_arquivo_pauta":"Pauta","arquivo_pauta":""},"anexar_ata":{"texto_botao_arquivo_ata":"Ata","arquivo_ata":""}},"views":91,"_links":{"self":[{"href":"https:\/\/camarasalto.sp.gov.br\/tvweb\/wp-json\/wp\/v2\/videos\/1955","targetHints":{"allow":["GET"]}}],"collection":[{"href":"https:\/\/camarasalto.sp.gov.br\/tvweb\/wp-json\/wp\/v2\/videos"}],"about":[{"href":"https:\/\/camarasalto.sp.gov.br\/tvweb\/wp-json\/wp\/v2\/types\/videos"}],"wp:attachment":[{"href":"https:\/\/camarasalto.sp.gov.br\/tvweb\/wp-json\/wp\/v2\/media?parent=1955"}],"curies":[{"name":"wp","href":"https:\/\/api.w.org\/{rel}","templated":true}]}}

7ª Reunião Extraordinária – Comissão de Finanças, Orçamento e Planejamento – 10-11-2025
