{"id":1947,"date":"2025-10-30T16:10:02","date_gmt":"2025-10-30T19:10:02","guid":{"rendered":"https:\/\/camarasalto.sp.gov.br\/tvweb\/?post_type=videos&#038;p=1947"},"modified":"2025-10-30T16:10:04","modified_gmt":"2025-10-30T19:10:04","slug":"13a-reuniao-extraordinaria-comissao-de-organizacao-30-10-2025","status":"publish","type":"videos","link":"https:\/\/camarasalto.sp.gov.br\/tvweb\/videos\/13a-reuniao-extraordinaria-comissao-de-organizacao-30-10-2025\/","title":{"rendered":"13\u00aa Reuni\u00e3o Extraordin\u00e1ria \u2013 Comiss\u00e3o de Organiza\u00e7\u00e3o \u2013 30-10-2025"},"content":{"rendered":"","protected":false},"featured_media":0,"template":"","meta":{"_acf_changed":true,"_et_pb_use_builder":"","_et_pb_old_content":"","_et_gb_content_width":""},"class_list":["post-1947","videos","type-videos","status-publish","hentry"],"acf":{"video_url":"https:\/\/camarasalto.sp.gov.br\/player\/comissoes\/2025\/corg\/13-comissao-organizacao-30-10-2025.mp4","video_categoria":"10","data_video":"20251030","anexar_pauta":{"texto_botao_arquivo_pauta":"Pauta","arquivo_pauta":""},"anexar_ata":{"texto_botao_arquivo_ata":"Ata","arquivo_ata":""}},"views":97,"_links":{"self":[{"href":"https:\/\/camarasalto.sp.gov.br\/tvweb\/wp-json\/wp\/v2\/videos\/1947","targetHints":{"allow":["GET"]}}],"collection":[{"href":"https:\/\/camarasalto.sp.gov.br\/tvweb\/wp-json\/wp\/v2\/videos"}],"about":[{"href":"https:\/\/camarasalto.sp.gov.br\/tvweb\/wp-json\/wp\/v2\/types\/videos"}],"wp:attachment":[{"href":"https:\/\/camarasalto.sp.gov.br\/tvweb\/wp-json\/wp\/v2\/media?parent=1947"}],"curies":[{"name":"wp","href":"https:\/\/api.w.org\/{rel}","templated":true}]}}

13ª Reunião Extraordinária – Comissão de Organização – 30-10-2025
