{"id":1935,"date":"2025-10-20T10:28:41","date_gmt":"2025-10-20T13:28:41","guid":{"rendered":"https:\/\/camarasalto.sp.gov.br\/tvweb\/?post_type=videos&#038;p=1935"},"modified":"2025-10-20T10:28:48","modified_gmt":"2025-10-20T13:28:48","slug":"16a-reuniao-comissao-mista-justica-e-financas-20-10-2025","status":"publish","type":"videos","link":"https:\/\/camarasalto.sp.gov.br\/tvweb\/videos\/16a-reuniao-comissao-mista-justica-e-financas-20-10-2025\/","title":{"rendered":"16\u00aa Reuni\u00e3o \u2013 Comiss\u00e3o Mista Justi\u00e7a e Finan\u00e7as \u2013 20-10-2025"},"content":{"rendered":"","protected":false},"featured_media":0,"template":"","meta":{"_acf_changed":true,"_et_pb_use_builder":"","_et_pb_old_content":"","_et_gb_content_width":""},"class_list":["post-1935","videos","type-videos","status-publish","hentry"],"acf":{"video_url":"https:\/\/camarasalto.sp.gov.br\/player\/comissoes\/2025\/mista\/16-comissao-mista-justica-financas-20-10-2025.mp4","video_categoria":"12","data_video":"20251020","anexar_pauta":{"texto_botao_arquivo_pauta":"Pauta","arquivo_pauta":""},"anexar_ata":{"texto_botao_arquivo_ata":"Ata","arquivo_ata":""}},"views":84,"_links":{"self":[{"href":"https:\/\/camarasalto.sp.gov.br\/tvweb\/wp-json\/wp\/v2\/videos\/1935","targetHints":{"allow":["GET"]}}],"collection":[{"href":"https:\/\/camarasalto.sp.gov.br\/tvweb\/wp-json\/wp\/v2\/videos"}],"about":[{"href":"https:\/\/camarasalto.sp.gov.br\/tvweb\/wp-json\/wp\/v2\/types\/videos"}],"wp:attachment":[{"href":"https:\/\/camarasalto.sp.gov.br\/tvweb\/wp-json\/wp\/v2\/media?parent=1935"}],"curies":[{"name":"wp","href":"https:\/\/api.w.org\/{rel}","templated":true}]}}

16ª Reunião – Comissão Mista Justiça e Finanças – 20-10-2025
