{"id":1925,"date":"2025-10-08T10:05:03","date_gmt":"2025-10-08T13:05:03","guid":{"rendered":"https:\/\/camarasalto.sp.gov.br\/tvweb\/?post_type=videos&#038;p=1925"},"modified":"2025-10-08T10:05:06","modified_gmt":"2025-10-08T13:05:06","slug":"15a-reuniao-comissao-mista-justica-e-financas-08-10-2025","status":"publish","type":"videos","link":"https:\/\/camarasalto.sp.gov.br\/tvweb\/videos\/15a-reuniao-comissao-mista-justica-e-financas-08-10-2025\/","title":{"rendered":"15\u00aa Reuni\u00e3o \u2013 Comiss\u00e3o Mista Justi\u00e7a e Finan\u00e7as \u2013 08-10-2025"},"content":{"rendered":"","protected":false},"featured_media":0,"template":"","meta":{"_acf_changed":true,"_et_pb_use_builder":"","_et_pb_old_content":"","_et_gb_content_width":""},"class_list":["post-1925","videos","type-videos","status-publish","hentry"],"acf":{"video_url":"https:\/\/camarasalto.sp.gov.br\/player\/comissoes\/2025\/mista\/15-comissao-mista-justica-financas-08-10-2025.mp4","video_categoria":"12","data_video":"20251008","anexar_pauta":{"texto_botao_arquivo_pauta":"Pauta","arquivo_pauta":""},"anexar_ata":{"texto_botao_arquivo_ata":"Ata","arquivo_ata":""}},"views":89,"_links":{"self":[{"href":"https:\/\/camarasalto.sp.gov.br\/tvweb\/wp-json\/wp\/v2\/videos\/1925","targetHints":{"allow":["GET"]}}],"collection":[{"href":"https:\/\/camarasalto.sp.gov.br\/tvweb\/wp-json\/wp\/v2\/videos"}],"about":[{"href":"https:\/\/camarasalto.sp.gov.br\/tvweb\/wp-json\/wp\/v2\/types\/videos"}],"wp:attachment":[{"href":"https:\/\/camarasalto.sp.gov.br\/tvweb\/wp-json\/wp\/v2\/media?parent=1925"}],"curies":[{"name":"wp","href":"https:\/\/api.w.org\/{rel}","templated":true}]}}

15ª Reunião – Comissão Mista Justiça e Finanças – 08-10-2025
