{"id":1923,"date":"2025-10-06T10:48:43","date_gmt":"2025-10-06T13:48:43","guid":{"rendered":"https:\/\/camarasalto.sp.gov.br\/tvweb\/?post_type=videos&#038;p=1923"},"modified":"2025-10-06T10:48:46","modified_gmt":"2025-10-06T13:48:46","slug":"5a-reuniao-extraordinaria-comissao-de-financas-orcamento-e-planejamento-06-10-2025","status":"publish","type":"videos","link":"https:\/\/camarasalto.sp.gov.br\/tvweb\/videos\/5a-reuniao-extraordinaria-comissao-de-financas-orcamento-e-planejamento-06-10-2025\/","title":{"rendered":"5\u00aa Reuni\u00e3o Extraordin\u00e1ria \u2013 Comiss\u00e3o de Finan\u00e7as, Or\u00e7amento e Planejamento \u2013 06-10-2025"},"content":{"rendered":"","protected":false},"featured_media":0,"template":"","meta":{"_acf_changed":true,"_et_pb_use_builder":"","_et_pb_old_content":"","_et_gb_content_width":""},"class_list":["post-1923","videos","type-videos","status-publish","hentry"],"acf":{"video_url":"https:\/\/www.camarasalto.sp.gov.br\/player\/comissoes\/2025\/cfop\/05-extraordinaria-comissao-financas-orcamento-planejamento-06-10-2025.mp4","video_categoria":"11","data_video":"20251006","anexar_pauta":{"texto_botao_arquivo_pauta":"Pauta","arquivo_pauta":""},"anexar_ata":{"texto_botao_arquivo_ata":"Ata","arquivo_ata":""}},"views":92,"_links":{"self":[{"href":"https:\/\/camarasalto.sp.gov.br\/tvweb\/wp-json\/wp\/v2\/videos\/1923","targetHints":{"allow":["GET"]}}],"collection":[{"href":"https:\/\/camarasalto.sp.gov.br\/tvweb\/wp-json\/wp\/v2\/videos"}],"about":[{"href":"https:\/\/camarasalto.sp.gov.br\/tvweb\/wp-json\/wp\/v2\/types\/videos"}],"wp:attachment":[{"href":"https:\/\/camarasalto.sp.gov.br\/tvweb\/wp-json\/wp\/v2\/media?parent=1923"}],"curies":[{"name":"wp","href":"https:\/\/api.w.org\/{rel}","templated":true}]}}

5ª Reunião Extraordinária – Comissão de Finanças, Orçamento e Planejamento – 06-10-2025
