{"id":1922,"date":"2025-10-06T10:23:19","date_gmt":"2025-10-06T13:23:19","guid":{"rendered":"https:\/\/camarasalto.sp.gov.br\/tvweb\/?post_type=videos&#038;p=1922"},"modified":"2025-10-06T10:23:21","modified_gmt":"2025-10-06T13:23:21","slug":"14a-reuniao-comissao-mista-justica-e-financas-06-10-2025","status":"publish","type":"videos","link":"https:\/\/camarasalto.sp.gov.br\/tvweb\/videos\/14a-reuniao-comissao-mista-justica-e-financas-06-10-2025\/","title":{"rendered":"14\u00aa Reuni\u00e3o \u2013 Comiss\u00e3o Mista Justi\u00e7a e Finan\u00e7as \u2013 06-10-2025"},"content":{"rendered":"","protected":false},"featured_media":0,"template":"","meta":{"_acf_changed":true,"_et_pb_use_builder":"","_et_pb_old_content":"","_et_gb_content_width":""},"class_list":["post-1922","videos","type-videos","status-publish","hentry"],"acf":{"video_url":"https:\/\/camarasalto.sp.gov.br\/player\/comissoes\/2025\/mista\/14-comissao-mista-justica-financas-06-10-2025.mp4","video_categoria":"12","data_video":"20251006","anexar_pauta":{"texto_botao_arquivo_pauta":"Pauta","arquivo_pauta":""},"anexar_ata":{"texto_botao_arquivo_ata":"Ata","arquivo_ata":""}},"views":86,"_links":{"self":[{"href":"https:\/\/camarasalto.sp.gov.br\/tvweb\/wp-json\/wp\/v2\/videos\/1922","targetHints":{"allow":["GET"]}}],"collection":[{"href":"https:\/\/camarasalto.sp.gov.br\/tvweb\/wp-json\/wp\/v2\/videos"}],"about":[{"href":"https:\/\/camarasalto.sp.gov.br\/tvweb\/wp-json\/wp\/v2\/types\/videos"}],"wp:attachment":[{"href":"https:\/\/camarasalto.sp.gov.br\/tvweb\/wp-json\/wp\/v2\/media?parent=1922"}],"curies":[{"name":"wp","href":"https:\/\/api.w.org\/{rel}","templated":true}]}}

14ª Reunião – Comissão Mista Justiça e Finanças – 06-10-2025
