{"id":1910,"date":"2025-09-25T13:27:22","date_gmt":"2025-09-25T16:27:22","guid":{"rendered":"https:\/\/camarasalto.sp.gov.br\/tvweb\/?post_type=videos&#038;p=1910"},"modified":"2025-09-25T13:27:24","modified_gmt":"2025-09-25T16:27:24","slug":"10a-reuniao-extraordinaria-comissao-de-constituicao-justica-e-redacao-25-09-2025","status":"publish","type":"videos","link":"https:\/\/camarasalto.sp.gov.br\/tvweb\/videos\/10a-reuniao-extraordinaria-comissao-de-constituicao-justica-e-redacao-25-09-2025\/","title":{"rendered":"10\u00aa Reuni\u00e3o Extraordin\u00e1ria \u2013 Comiss\u00e3o de Constitui\u00e7\u00e3o, Justi\u00e7a e Reda\u00e7\u00e3o \u2013 25-09-2025"},"content":{"rendered":"","protected":false},"featured_media":0,"template":"","meta":{"_acf_changed":true,"_et_pb_use_builder":"","_et_pb_old_content":"","_et_gb_content_width":""},"class_list":["post-1910","videos","type-videos","status-publish","hentry"],"acf":{"video_url":"https:\/\/camarasalto.sp.gov.br\/player\/comissoes\/2025\/ccjr\/10-extraordinaria-comissao-constituicao-justica-redacao-25-09-2025.mp4","video_categoria":"9","data_video":"20250925","anexar_pauta":{"texto_botao_arquivo_pauta":"Pauta","arquivo_pauta":""},"anexar_ata":{"texto_botao_arquivo_ata":"Ata","arquivo_ata":""}},"views":94,"_links":{"self":[{"href":"https:\/\/camarasalto.sp.gov.br\/tvweb\/wp-json\/wp\/v2\/videos\/1910","targetHints":{"allow":["GET"]}}],"collection":[{"href":"https:\/\/camarasalto.sp.gov.br\/tvweb\/wp-json\/wp\/v2\/videos"}],"about":[{"href":"https:\/\/camarasalto.sp.gov.br\/tvweb\/wp-json\/wp\/v2\/types\/videos"}],"wp:attachment":[{"href":"https:\/\/camarasalto.sp.gov.br\/tvweb\/wp-json\/wp\/v2\/media?parent=1910"}],"curies":[{"name":"wp","href":"https:\/\/api.w.org\/{rel}","templated":true}]}}

10ª Reunião Extraordinária – Comissão de Constituição, Justiça e Redação – 25-09-2025
