{"id":1902,"date":"2025-09-18T10:02:05","date_gmt":"2025-09-18T13:02:05","guid":{"rendered":"https:\/\/camarasalto.sp.gov.br\/tvweb\/?post_type=videos&#038;p=1902"},"modified":"2025-09-18T10:02:07","modified_gmt":"2025-09-18T13:02:07","slug":"reuniao-vereadores-e-secretarios-de-desenvolvimento-urbano-e-de-obras-e-servicos-publicos-18-09-2025","status":"publish","type":"videos","link":"https:\/\/camarasalto.sp.gov.br\/tvweb\/videos\/reuniao-vereadores-e-secretarios-de-desenvolvimento-urbano-e-de-obras-e-servicos-publicos-18-09-2025\/","title":{"rendered":"Reuni\u00e3o \u2013 Vereadores e Secret\u00e1rios de Desenvolvimento Urbano e de Obras e Servi\u00e7os P\u00fablicos \u2013\u00a0 18\/09\/2025"},"content":{"rendered":"","protected":false},"featured_media":0,"template":"","meta":{"_acf_changed":true,"_et_pb_use_builder":"","_et_pb_old_content":"","_et_gb_content_width":""},"class_list":["post-1902","videos","type-videos","status-publish","hentry"],"acf":{"video_url":"https:\/\/camarasalto.sp.gov.br\/player\/reunioes\/2025\/reunioes-publicas\/09-reuniao-secretaria-desenvolvimento-urbano-18-09-2025.mp4","video_categoria":"17","data_video":"20250918","anexar_pauta":{"texto_botao_arquivo_pauta":"Pauta","arquivo_pauta":""},"anexar_ata":{"texto_botao_arquivo_ata":"Ata","arquivo_ata":""}},"views":285,"_links":{"self":[{"href":"https:\/\/camarasalto.sp.gov.br\/tvweb\/wp-json\/wp\/v2\/videos\/1902","targetHints":{"allow":["GET"]}}],"collection":[{"href":"https:\/\/camarasalto.sp.gov.br\/tvweb\/wp-json\/wp\/v2\/videos"}],"about":[{"href":"https:\/\/camarasalto.sp.gov.br\/tvweb\/wp-json\/wp\/v2\/types\/videos"}],"wp:attachment":[{"href":"https:\/\/camarasalto.sp.gov.br\/tvweb\/wp-json\/wp\/v2\/media?parent=1902"}],"curies":[{"name":"wp","href":"https:\/\/api.w.org\/{rel}","templated":true}]}}

Reunião – Vereadores e Secretários de Desenvolvimento Urbano e de Obras e Serviços Públicos –  18/09/2025
