{"id":1897,"date":"2025-09-15T10:21:13","date_gmt":"2025-09-15T13:21:13","guid":{"rendered":"https:\/\/camarasalto.sp.gov.br\/tvweb\/?post_type=videos&#038;p=1897"},"modified":"2025-09-15T10:24:48","modified_gmt":"2025-09-15T13:24:48","slug":"reuniao-com-a-secretaria-de-acao-social-e-cidadania-15-09-2025","status":"publish","type":"videos","link":"https:\/\/camarasalto.sp.gov.br\/tvweb\/videos\/reuniao-com-a-secretaria-de-acao-social-e-cidadania-15-09-2025\/","title":{"rendered":"Reuni\u00e3o com a Secretaria de A\u00e7\u00e3o Social e Cidadania \u2013 15\/09\/2025"},"content":{"rendered":"","protected":false},"featured_media":0,"template":"","meta":{"_acf_changed":true,"_et_pb_use_builder":"on","_et_pb_old_content":"","_et_gb_content_width":""},"class_list":["post-1897","videos","type-videos","status-publish","hentry"],"acf":{"video_url":"https:\/\/camarasalto.sp.gov.br\/player\/reunioes\/2025\/reunioes-publicas\/08-reuniao-secretaria-acao-social-cidadania-15-09-2025.mp4","video_categoria":"17","data_video":"20250915","anexar_pauta":{"texto_botao_arquivo_pauta":"Pauta","arquivo_pauta":""},"anexar_ata":{"texto_botao_arquivo_ata":"Ata","arquivo_ata":""}},"views":291,"_links":{"self":[{"href":"https:\/\/camarasalto.sp.gov.br\/tvweb\/wp-json\/wp\/v2\/videos\/1897","targetHints":{"allow":["GET"]}}],"collection":[{"href":"https:\/\/camarasalto.sp.gov.br\/tvweb\/wp-json\/wp\/v2\/videos"}],"about":[{"href":"https:\/\/camarasalto.sp.gov.br\/tvweb\/wp-json\/wp\/v2\/types\/videos"}],"wp:attachment":[{"href":"https:\/\/camarasalto.sp.gov.br\/tvweb\/wp-json\/wp\/v2\/media?parent=1897"}],"curies":[{"name":"wp","href":"https:\/\/api.w.org\/{rel}","templated":true}]}}

Reunião com a Secretaria de Ação Social e Cidadania – 15/09/2025
