{"id":1869,"date":"2025-08-14T16:02:13","date_gmt":"2025-08-14T19:02:13","guid":{"rendered":"https:\/\/camarasalto.sp.gov.br\/tvweb\/?post_type=videos&#038;p=1869"},"modified":"2025-08-14T16:02:16","modified_gmt":"2025-08-14T19:02:16","slug":"9a-reuniao-comissao-mista-justica-e-financas-14-08-2025","status":"publish","type":"videos","link":"https:\/\/camarasalto.sp.gov.br\/tvweb\/videos\/9a-reuniao-comissao-mista-justica-e-financas-14-08-2025\/","title":{"rendered":"9\u00aa Reuni\u00e3o \u2013 Comiss\u00e3o Mista Justi\u00e7a e Finan\u00e7as \u2013 14-08-2025"},"content":{"rendered":"","protected":false},"featured_media":0,"template":"","meta":{"_acf_changed":true,"_et_pb_use_builder":"","_et_pb_old_content":"","_et_gb_content_width":""},"class_list":["post-1869","videos","type-videos","status-publish","hentry"],"acf":{"video_url":"https:\/\/camarasalto.sp.gov.br\/player\/comissoes\/2025\/mista\/09-comissao-mista-justica-financas-14-08-2025.mp4","video_categoria":"12","data_video":"20250814","anexar_pauta":{"texto_botao_arquivo_pauta":"Pauta","arquivo_pauta":""},"anexar_ata":{"texto_botao_arquivo_ata":"Ata","arquivo_ata":""}},"views":105,"_links":{"self":[{"href":"https:\/\/camarasalto.sp.gov.br\/tvweb\/wp-json\/wp\/v2\/videos\/1869","targetHints":{"allow":["GET"]}}],"collection":[{"href":"https:\/\/camarasalto.sp.gov.br\/tvweb\/wp-json\/wp\/v2\/videos"}],"about":[{"href":"https:\/\/camarasalto.sp.gov.br\/tvweb\/wp-json\/wp\/v2\/types\/videos"}],"wp:attachment":[{"href":"https:\/\/camarasalto.sp.gov.br\/tvweb\/wp-json\/wp\/v2\/media?parent=1869"}],"curies":[{"name":"wp","href":"https:\/\/api.w.org\/{rel}","templated":true}]}}

9ª Reunião – Comissão Mista Justiça e Finanças – 14-08-2025
