{"id":1836,"date":"2025-07-10T15:20:59","date_gmt":"2025-07-10T18:20:59","guid":{"rendered":"https:\/\/camarasalto.sp.gov.br\/tvweb\/?post_type=videos&#038;p=1836"},"modified":"2025-07-10T15:21:02","modified_gmt":"2025-07-10T18:21:02","slug":"6a-reuniao-comissao-de-organizacao-10-07-2025","status":"publish","type":"videos","link":"https:\/\/camarasalto.sp.gov.br\/tvweb\/videos\/6a-reuniao-comissao-de-organizacao-10-07-2025\/","title":{"rendered":"6\u00aa Reuni\u00e3o \u2013 Comiss\u00e3o de Organiza\u00e7\u00e3o \u2013 10-07-2025"},"content":{"rendered":"","protected":false},"featured_media":0,"template":"","meta":{"_acf_changed":true,"_et_pb_use_builder":"","_et_pb_old_content":"","_et_gb_content_width":""},"class_list":["post-1836","videos","type-videos","status-publish","hentry"],"acf":{"video_url":"https:\/\/camarasalto.sp.gov.br\/player\/comissoes\/2025\/corg\/06-comissao-organizacao-10-07-2025.mp4","video_categoria":"10","data_video":"20250710","anexar_pauta":{"texto_botao_arquivo_pauta":"Pauta","arquivo_pauta":""},"anexar_ata":{"texto_botao_arquivo_ata":"Ata","arquivo_ata":""}},"views":138,"_links":{"self":[{"href":"https:\/\/camarasalto.sp.gov.br\/tvweb\/wp-json\/wp\/v2\/videos\/1836","targetHints":{"allow":["GET"]}}],"collection":[{"href":"https:\/\/camarasalto.sp.gov.br\/tvweb\/wp-json\/wp\/v2\/videos"}],"about":[{"href":"https:\/\/camarasalto.sp.gov.br\/tvweb\/wp-json\/wp\/v2\/types\/videos"}],"wp:attachment":[{"href":"https:\/\/camarasalto.sp.gov.br\/tvweb\/wp-json\/wp\/v2\/media?parent=1836"}],"curies":[{"name":"wp","href":"https:\/\/api.w.org\/{rel}","templated":true}]}}

6ª Reunião – Comissão de Organização – 10-07-2025
