{"id":1804,"date":"2025-06-12T15:26:56","date_gmt":"2025-06-12T18:26:56","guid":{"rendered":"https:\/\/camarasalto.sp.gov.br\/tvweb\/?post_type=videos&#038;p=1804"},"modified":"2025-06-12T15:26:58","modified_gmt":"2025-06-12T18:26:58","slug":"3a-reuniao-comissao-mista-justica-e-organizacao-12-06-2025","status":"publish","type":"videos","link":"https:\/\/camarasalto.sp.gov.br\/tvweb\/videos\/3a-reuniao-comissao-mista-justica-e-organizacao-12-06-2025\/","title":{"rendered":"3\u00aa Reuni\u00e3o \u2013 Comiss\u00e3o Mista Justi\u00e7a e Organiza\u00e7\u00e3o \u2013 12-06-2025"},"content":{"rendered":"","protected":false},"featured_media":0,"template":"","meta":{"_acf_changed":true,"_et_pb_use_builder":"","_et_pb_old_content":"","_et_gb_content_width":""},"class_list":["post-1804","videos","type-videos","status-publish","hentry"],"acf":{"video_url":"https:\/\/camarasalto.sp.gov.br\/player\/comissoes\/2025\/mista\/03-comissao-mista-justica-organizacao-12-06-2025.mp4","video_categoria":"12","data_video":"20250612","anexar_pauta":{"texto_botao_arquivo_pauta":"Pauta","arquivo_pauta":""},"anexar_ata":{"texto_botao_arquivo_ata":"Ata","arquivo_ata":""}},"views":84,"_links":{"self":[{"href":"https:\/\/camarasalto.sp.gov.br\/tvweb\/wp-json\/wp\/v2\/videos\/1804","targetHints":{"allow":["GET"]}}],"collection":[{"href":"https:\/\/camarasalto.sp.gov.br\/tvweb\/wp-json\/wp\/v2\/videos"}],"about":[{"href":"https:\/\/camarasalto.sp.gov.br\/tvweb\/wp-json\/wp\/v2\/types\/videos"}],"wp:attachment":[{"href":"https:\/\/camarasalto.sp.gov.br\/tvweb\/wp-json\/wp\/v2\/media?parent=1804"}],"curies":[{"name":"wp","href":"https:\/\/api.w.org\/{rel}","templated":true}]}}

3ª Reunião – Comissão Mista Justiça e Organização – 12-06-2025
