{"id":1799,"date":"2025-06-06T12:55:53","date_gmt":"2025-06-06T15:55:53","guid":{"rendered":"https:\/\/camarasalto.sp.gov.br\/tvweb\/?post_type=videos&#038;p=1799"},"modified":"2025-06-06T12:55:56","modified_gmt":"2025-06-06T15:55:56","slug":"reuniao-vereadores-e-secretaria-de-comunicacao-e-turismo-06-06-2025-resposta-ao-requerimento-no-247-2025","status":"publish","type":"videos","link":"https:\/\/camarasalto.sp.gov.br\/tvweb\/videos\/reuniao-vereadores-e-secretaria-de-comunicacao-e-turismo-06-06-2025-resposta-ao-requerimento-no-247-2025\/","title":{"rendered":"Reuni\u00e3o \u2013 Vereadores e Secret\u00e1ria de Comunica\u00e7\u00e3o e Turismo \u2013 06-06-2025 \u2013 Resposta ao Requerimento n\u00ba 247\/2025"},"content":{"rendered":"","protected":false},"featured_media":0,"template":"","meta":{"_acf_changed":true,"_et_pb_use_builder":"","_et_pb_old_content":"","_et_gb_content_width":""},"class_list":["post-1799","videos","type-videos","status-publish","hentry"],"acf":{"video_url":"https:\/\/www.camarasalto.sp.gov.br\/player\/reunioes\/2025\/resposta-requerimento\/resposta-requerimento-06-06-2025.mp4","video_categoria":"16","data_video":"20250606","anexar_pauta":{"texto_botao_arquivo_pauta":"Pauta","arquivo_pauta":""},"anexar_ata":{"texto_botao_arquivo_ata":"Ata","arquivo_ata":""}},"views":405,"_links":{"self":[{"href":"https:\/\/camarasalto.sp.gov.br\/tvweb\/wp-json\/wp\/v2\/videos\/1799","targetHints":{"allow":["GET"]}}],"collection":[{"href":"https:\/\/camarasalto.sp.gov.br\/tvweb\/wp-json\/wp\/v2\/videos"}],"about":[{"href":"https:\/\/camarasalto.sp.gov.br\/tvweb\/wp-json\/wp\/v2\/types\/videos"}],"wp:attachment":[{"href":"https:\/\/camarasalto.sp.gov.br\/tvweb\/wp-json\/wp\/v2\/media?parent=1799"}],"curies":[{"name":"wp","href":"https:\/\/api.w.org\/{rel}","templated":true}]}}

Reunião – Vereadores e Secretária de Comunicação e Turismo – 06-06-2025 – Resposta ao Requerimento nº 247/2025
