{"id":1793,"date":"2025-06-02T16:06:01","date_gmt":"2025-06-02T19:06:01","guid":{"rendered":"https:\/\/camarasalto.sp.gov.br\/tvweb\/?post_type=videos&#038;p=1793"},"modified":"2025-06-02T16:06:06","modified_gmt":"2025-06-02T19:06:06","slug":"5a-reuniao-comissao-mista-justica-financas-e-organizacao-02-06-2025","status":"publish","type":"videos","link":"https:\/\/camarasalto.sp.gov.br\/tvweb\/videos\/5a-reuniao-comissao-mista-justica-financas-e-organizacao-02-06-2025\/","title":{"rendered":"5\u00aa Reuni\u00e3o \u2013 Comiss\u00e3o Mista Justi\u00e7a, Finan\u00e7as e Organiza\u00e7\u00e3o \u2013 02-06-2025"},"content":{"rendered":"","protected":false},"featured_media":0,"template":"","meta":{"_acf_changed":true,"_et_pb_use_builder":"","_et_pb_old_content":"","_et_gb_content_width":""},"class_list":["post-1793","videos","type-videos","status-publish","hentry"],"acf":{"video_url":"https:\/\/camarasalto.sp.gov.br\/player\/comissoes\/2025\/mista\/05-comissao-mista-justica-financas-organizacao-02-06-2025.mp4","video_categoria":"12","data_video":"20250602","anexar_pauta":{"texto_botao_arquivo_pauta":"Pauta","arquivo_pauta":""},"anexar_ata":{"texto_botao_arquivo_ata":"Ata","arquivo_ata":""}},"views":230,"_links":{"self":[{"href":"https:\/\/camarasalto.sp.gov.br\/tvweb\/wp-json\/wp\/v2\/videos\/1793","targetHints":{"allow":["GET"]}}],"collection":[{"href":"https:\/\/camarasalto.sp.gov.br\/tvweb\/wp-json\/wp\/v2\/videos"}],"about":[{"href":"https:\/\/camarasalto.sp.gov.br\/tvweb\/wp-json\/wp\/v2\/types\/videos"}],"wp:attachment":[{"href":"https:\/\/camarasalto.sp.gov.br\/tvweb\/wp-json\/wp\/v2\/media?parent=1793"}],"curies":[{"name":"wp","href":"https:\/\/api.w.org\/{rel}","templated":true}]}}

5ª Reunião – Comissão Mista Justiça, Finanças e Organização – 02-06-2025
