{"id":1761,"date":"2025-04-25T11:05:00","date_gmt":"2025-04-25T14:05:00","guid":{"rendered":"https:\/\/camarasalto.sp.gov.br\/tvweb\/?post_type=videos&#038;p=1761"},"modified":"2025-04-25T11:05:03","modified_gmt":"2025-04-25T14:05:03","slug":"7a-reuniao-extraordinaria-comissao-de-constituicao-justica-e-redacao-25-04-2025-parte-01","status":"publish","type":"videos","link":"https:\/\/camarasalto.sp.gov.br\/tvweb\/videos\/7a-reuniao-extraordinaria-comissao-de-constituicao-justica-e-redacao-25-04-2025-parte-01\/","title":{"rendered":"7\u00aa Reuni\u00e3o Extraordin\u00e1ria \u2013 Comiss\u00e3o de Constitui\u00e7\u00e3o, Justi\u00e7a e Reda\u00e7\u00e3o \u2013 25-04-2025 &#8211; Parte 01"},"content":{"rendered":"","protected":false},"featured_media":0,"template":"","meta":{"_acf_changed":true,"_et_pb_use_builder":"","_et_pb_old_content":"","_et_gb_content_width":""},"class_list":["post-1761","videos","type-videos","status-publish","hentry"],"acf":{"video_url":"https:\/\/camarasalto.sp.gov.br\/player\/comissoes\/2025\/ccjr\/07-extraordinaria-comissao-constituicao-justica-redacao-25-04-2025-parte-01.mp4","video_categoria":"9","data_video":"20250425","anexar_pauta":{"texto_botao_arquivo_pauta":"Pauta","arquivo_pauta":""},"anexar_ata":{"texto_botao_arquivo_ata":"Ata","arquivo_ata":""}},"views":116,"_links":{"self":[{"href":"https:\/\/camarasalto.sp.gov.br\/tvweb\/wp-json\/wp\/v2\/videos\/1761","targetHints":{"allow":["GET"]}}],"collection":[{"href":"https:\/\/camarasalto.sp.gov.br\/tvweb\/wp-json\/wp\/v2\/videos"}],"about":[{"href":"https:\/\/camarasalto.sp.gov.br\/tvweb\/wp-json\/wp\/v2\/types\/videos"}],"wp:attachment":[{"href":"https:\/\/camarasalto.sp.gov.br\/tvweb\/wp-json\/wp\/v2\/media?parent=1761"}],"curies":[{"name":"wp","href":"https:\/\/api.w.org\/{rel}","templated":true}]}}

7ª Reunião Extraordinária – Comissão de Constituição, Justiça e Redação – 25-04-2025 &#8211; Parte 01
