{"id":1753,"date":"2025-04-17T10:59:34","date_gmt":"2025-04-17T13:59:34","guid":{"rendered":"https:\/\/camarasalto.sp.gov.br\/tvweb\/?post_type=videos&#038;p=1753"},"modified":"2025-07-29T17:26:25","modified_gmt":"2025-07-29T20:26:25","slug":"reuniao-vereadores-e-secretaria-de-educacao-17-04-2025","status":"publish","type":"videos","link":"https:\/\/camarasalto.sp.gov.br\/tvweb\/videos\/reuniao-vereadores-e-secretaria-de-educacao-17-04-2025\/","title":{"rendered":"Reuni\u00e3o \u2013 Vereadores e Secret\u00e1ria de Educa\u00e7\u00e3o \u2013 17\/04\/2025\u00a0\u2013 Resposta ao Requerimento n\u00ba 87\/2025"},"content":{"rendered":"","protected":false},"featured_media":0,"template":"","meta":{"_acf_changed":false,"_et_pb_use_builder":"on","_et_pb_old_content":"","_et_gb_content_width":""},"class_list":["post-1753","videos","type-videos","status-publish","hentry"],"acf":{"video_url":"https:\/\/www.camarasalto.sp.gov.br\/player\/reunioes\/2025\/resposta-requerimento\/resposta-requerimento-17-04-2025.mp4","video_categoria":"16","data_video":"20250417","anexar_pauta":{"texto_botao_arquivo_pauta":"Pauta","arquivo_pauta":""},"anexar_ata":{"texto_botao_arquivo_ata":"Ata","arquivo_ata":""}},"views":278,"_links":{"self":[{"href":"https:\/\/camarasalto.sp.gov.br\/tvweb\/wp-json\/wp\/v2\/videos\/1753","targetHints":{"allow":["GET"]}}],"collection":[{"href":"https:\/\/camarasalto.sp.gov.br\/tvweb\/wp-json\/wp\/v2\/videos"}],"about":[{"href":"https:\/\/camarasalto.sp.gov.br\/tvweb\/wp-json\/wp\/v2\/types\/videos"}],"wp:attachment":[{"href":"https:\/\/camarasalto.sp.gov.br\/tvweb\/wp-json\/wp\/v2\/media?parent=1753"}],"curies":[{"name":"wp","href":"https:\/\/api.w.org\/{rel}","templated":true}]}}

Reunião – Vereadores e Secretária de Educação – 17/04/2025 – Resposta ao Requerimento nº 87/2025
