{"id":1751,"date":"2025-04-16T17:09:01","date_gmt":"2025-04-16T20:09:01","guid":{"rendered":"https:\/\/camarasalto.sp.gov.br\/tvweb\/?post_type=videos&#038;p=1751"},"modified":"2025-04-16T17:09:07","modified_gmt":"2025-04-16T20:09:07","slug":"3a-reuniao-comissao-mista-justica-financas-e-organizacao-16-04-2025","status":"publish","type":"videos","link":"https:\/\/camarasalto.sp.gov.br\/tvweb\/videos\/3a-reuniao-comissao-mista-justica-financas-e-organizacao-16-04-2025\/","title":{"rendered":"3\u00aa Reuni\u00e3o \u2013 Comiss\u00e3o Mista Justi\u00e7a, Finan\u00e7as e Organiza\u00e7\u00e3o \u2013 16-04-2025"},"content":{"rendered":"","protected":false},"featured_media":0,"template":"","meta":{"_acf_changed":true,"_et_pb_use_builder":"","_et_pb_old_content":"","_et_gb_content_width":""},"class_list":["post-1751","videos","type-videos","status-publish","hentry"],"acf":{"video_url":"https:\/\/camarasalto.sp.gov.br\/player\/comissoes\/2025\/mista\/03-comissao-mista-justica-financas-organizacao-16-04-2025.mp4","video_categoria":"12","data_video":"20250416","anexar_pauta":{"texto_botao_arquivo_pauta":"Pauta","arquivo_pauta":""},"anexar_ata":{"texto_botao_arquivo_ata":"Ata","arquivo_ata":""}},"views":147,"_links":{"self":[{"href":"https:\/\/camarasalto.sp.gov.br\/tvweb\/wp-json\/wp\/v2\/videos\/1751","targetHints":{"allow":["GET"]}}],"collection":[{"href":"https:\/\/camarasalto.sp.gov.br\/tvweb\/wp-json\/wp\/v2\/videos"}],"about":[{"href":"https:\/\/camarasalto.sp.gov.br\/tvweb\/wp-json\/wp\/v2\/types\/videos"}],"wp:attachment":[{"href":"https:\/\/camarasalto.sp.gov.br\/tvweb\/wp-json\/wp\/v2\/media?parent=1751"}],"curies":[{"name":"wp","href":"https:\/\/api.w.org\/{rel}","templated":true}]}}

3ª Reunião – Comissão Mista Justiça, Finanças e Organização – 16-04-2025
