{"id":1742,"date":"2025-04-09T08:56:06","date_gmt":"2025-04-09T11:56:06","guid":{"rendered":"https:\/\/camarasalto.sp.gov.br\/tvweb\/?post_type=videos&#038;p=1742"},"modified":"2025-04-09T08:56:09","modified_gmt":"2025-04-09T11:56:09","slug":"2a-reuniao-comissao-mista-justica-financas-e-organizacao-09-04-2025","status":"publish","type":"videos","link":"https:\/\/camarasalto.sp.gov.br\/tvweb\/videos\/2a-reuniao-comissao-mista-justica-financas-e-organizacao-09-04-2025\/","title":{"rendered":"2\u00aa Reuni\u00e3o \u2013 Comiss\u00e3o Mista Justi\u00e7a, Finan\u00e7as e Organiza\u00e7\u00e3o \u2013 09-04-2025"},"content":{"rendered":"","protected":false},"featured_media":0,"template":"","meta":{"_acf_changed":true,"_et_pb_use_builder":"","_et_pb_old_content":"","_et_gb_content_width":""},"class_list":["post-1742","videos","type-videos","status-publish","hentry"],"acf":{"video_url":"https:\/\/camarasalto.sp.gov.br\/player\/comissoes\/2025\/mista\/02-comissao-mista-justica-financas-organizacao-09-04-2025.mp4","video_categoria":"12","data_video":"20250409","anexar_pauta":{"texto_botao_arquivo_pauta":"Pauta","arquivo_pauta":""},"anexar_ata":{"texto_botao_arquivo_ata":"Ata","arquivo_ata":""}},"views":99,"_links":{"self":[{"href":"https:\/\/camarasalto.sp.gov.br\/tvweb\/wp-json\/wp\/v2\/videos\/1742","targetHints":{"allow":["GET"]}}],"collection":[{"href":"https:\/\/camarasalto.sp.gov.br\/tvweb\/wp-json\/wp\/v2\/videos"}],"about":[{"href":"https:\/\/camarasalto.sp.gov.br\/tvweb\/wp-json\/wp\/v2\/types\/videos"}],"wp:attachment":[{"href":"https:\/\/camarasalto.sp.gov.br\/tvweb\/wp-json\/wp\/v2\/media?parent=1742"}],"curies":[{"name":"wp","href":"https:\/\/api.w.org\/{rel}","templated":true}]}}

2ª Reunião – Comissão Mista Justiça, Finanças e Organização – 09-04-2025
