{"id":1716,"date":"2025-03-20T17:02:21","date_gmt":"2025-03-20T20:02:21","guid":{"rendered":"https:\/\/camarasalto.sp.gov.br\/tvweb\/?post_type=videos&#038;p=1716"},"modified":"2025-03-25T20:03:19","modified_gmt":"2025-03-25T23:03:19","slug":"1a-reuniao-comissao-de-organizacao-20-03-2025","status":"publish","type":"videos","link":"https:\/\/camarasalto.sp.gov.br\/tvweb\/videos\/1a-reuniao-comissao-de-organizacao-20-03-2025\/","title":{"rendered":"1\u00aa Reuni\u00e3o \u2013 Comiss\u00e3o de Organiza\u00e7\u00e3o \u2013 20-03-2025"},"content":{"rendered":"","protected":false},"featured_media":0,"template":"","meta":{"_acf_changed":true,"_et_pb_use_builder":"off","_et_pb_old_content":"","_et_gb_content_width":""},"class_list":["post-1716","videos","type-videos","status-publish","hentry"],"acf":{"video_url":"https:\/\/camarasalto.sp.gov.br\/player\/comissoes\/2025\/corg\/01-comissao-organizacao-20-03-2025.mp4","video_categoria":"10","data_video":"20250320","anexar_pauta":{"texto_botao_arquivo_pauta":"Pauta","arquivo_pauta":""},"anexar_ata":{"texto_botao_arquivo_ata":"Ata","arquivo_ata":""}},"views":100,"_links":{"self":[{"href":"https:\/\/camarasalto.sp.gov.br\/tvweb\/wp-json\/wp\/v2\/videos\/1716","targetHints":{"allow":["GET"]}}],"collection":[{"href":"https:\/\/camarasalto.sp.gov.br\/tvweb\/wp-json\/wp\/v2\/videos"}],"about":[{"href":"https:\/\/camarasalto.sp.gov.br\/tvweb\/wp-json\/wp\/v2\/types\/videos"}],"wp:attachment":[{"href":"https:\/\/camarasalto.sp.gov.br\/tvweb\/wp-json\/wp\/v2\/media?parent=1716"}],"curies":[{"name":"wp","href":"https:\/\/api.w.org\/{rel}","templated":true}]}}

1ª Reunião – Comissão de Organização – 20-03-2025
