{"id":1692,"date":"2025-02-24T16:49:53","date_gmt":"2025-02-24T19:49:53","guid":{"rendered":"https:\/\/camarasalto.sp.gov.br\/tvweb\/?post_type=videos&#038;p=1692"},"modified":"2025-02-24T17:02:34","modified_gmt":"2025-02-24T20:02:34","slug":"reuniao-vereadores-secretario-de-governo-e-secretaria-de-turismo-e-comunicacao-resposta-requerimento-24-02-2025","status":"publish","type":"videos","link":"https:\/\/camarasalto.sp.gov.br\/tvweb\/videos\/reuniao-vereadores-secretario-de-governo-e-secretaria-de-turismo-e-comunicacao-resposta-requerimento-24-02-2025\/","title":{"rendered":"Reuni\u00e3o \u2013 Vereadores, Secret\u00e1rio de Governo e Secret\u00e1ria de Turismo e Comunica\u00e7\u00e3o \u2013 Resposta Requerimento \u2013 24-02-2025"},"content":{"rendered":"","protected":false},"featured_media":0,"template":"","meta":{"_acf_changed":true,"_et_pb_use_builder":"off","_et_pb_old_content":"","_et_gb_content_width":""},"class_list":["post-1692","videos","type-videos","status-publish","hentry"],"acf":{"video_url":"https:\/\/www.camarasalto.sp.gov.br\/player\/reunioes\/2025\/resposta-requerimento\/resposta-requerimento-turismo-24-02-2025.mp4","video_categoria":"16","data_video":"20250224","anexar_pauta":{"texto_botao_arquivo_pauta":"Pauta","arquivo_pauta":""},"anexar_ata":{"texto_botao_arquivo_ata":"Ata","arquivo_ata":""}},"views":249,"_links":{"self":[{"href":"https:\/\/camarasalto.sp.gov.br\/tvweb\/wp-json\/wp\/v2\/videos\/1692","targetHints":{"allow":["GET"]}}],"collection":[{"href":"https:\/\/camarasalto.sp.gov.br\/tvweb\/wp-json\/wp\/v2\/videos"}],"about":[{"href":"https:\/\/camarasalto.sp.gov.br\/tvweb\/wp-json\/wp\/v2\/types\/videos"}],"wp:attachment":[{"href":"https:\/\/camarasalto.sp.gov.br\/tvweb\/wp-json\/wp\/v2\/media?parent=1692"}],"curies":[{"name":"wp","href":"https:\/\/api.w.org\/{rel}","templated":true}]}}

Reunião – Vereadores, Secretário de Governo e Secretária de Turismo e Comunicação – Resposta Requerimento – 24-02-2025
