{"id":1687,"date":"2025-02-20T15:34:41","date_gmt":"2025-02-20T18:34:41","guid":{"rendered":"https:\/\/camarasalto.sp.gov.br\/tvweb\/?post_type=videos&#038;p=1687"},"modified":"2025-03-25T10:30:57","modified_gmt":"2025-03-25T13:30:57","slug":"1a-reuniao-comissao-mista-justica-e-financas-14h30-20-02-2025","status":"publish","type":"videos","link":"https:\/\/camarasalto.sp.gov.br\/tvweb\/videos\/1a-reuniao-comissao-mista-justica-e-financas-14h30-20-02-2025\/","title":{"rendered":"1\u00aa Reuni\u00e3o &#8211; Comiss\u00e3o Mista Justi\u00e7a e Finan\u00e7as &#8211; 20-02-2025"},"content":{"rendered":"","protected":false},"featured_media":0,"template":"","meta":{"_acf_changed":true,"_et_pb_use_builder":"off","_et_pb_old_content":"","_et_gb_content_width":""},"class_list":["post-1687","videos","type-videos","status-publish","hentry"],"acf":{"video_url":"https:\/\/www.camarasalto.sp.gov.br\/player\/comissoes\/2025\/mista\/01-comissao-mista-justica-financas-20-02-2025.mp4","video_categoria":"12","data_video":"20250220","anexar_pauta":{"texto_botao_arquivo_pauta":"Pauta","arquivo_pauta":""},"anexar_ata":{"texto_botao_arquivo_ata":"Ata","arquivo_ata":""}},"views":97,"_links":{"self":[{"href":"https:\/\/camarasalto.sp.gov.br\/tvweb\/wp-json\/wp\/v2\/videos\/1687","targetHints":{"allow":["GET"]}}],"collection":[{"href":"https:\/\/camarasalto.sp.gov.br\/tvweb\/wp-json\/wp\/v2\/videos"}],"about":[{"href":"https:\/\/camarasalto.sp.gov.br\/tvweb\/wp-json\/wp\/v2\/types\/videos"}],"wp:attachment":[{"href":"https:\/\/camarasalto.sp.gov.br\/tvweb\/wp-json\/wp\/v2\/media?parent=1687"}],"curies":[{"name":"wp","href":"https:\/\/api.w.org\/{rel}","templated":true}]}}

1ª Reunião &#8211; Comissão Mista Justiça e Finanças &#8211; 20-02-2025
