{"id":1674,"date":"2025-02-14T11:07:38","date_gmt":"2025-02-14T14:07:38","guid":{"rendered":"https:\/\/camarasalto.sp.gov.br\/tvweb\/?post_type=videos&#038;p=1674"},"modified":"2025-02-19T14:20:51","modified_gmt":"2025-02-19T17:20:51","slug":"1a-reuniao-extraordinaria-comissao-de-organizacao-14-02-2025","status":"publish","type":"videos","link":"https:\/\/camarasalto.sp.gov.br\/tvweb\/videos\/1a-reuniao-extraordinaria-comissao-de-organizacao-14-02-2025\/","title":{"rendered":"1\u00aa Reuni\u00e3o Extraordin\u00e1ria \u2013 Comiss\u00e3o de Organiza\u00e7\u00e3o \u2013 14-02-2025"},"content":{"rendered":"","protected":false},"featured_media":0,"template":"","meta":{"_acf_changed":true,"_et_pb_use_builder":"off","_et_pb_old_content":"","_et_gb_content_width":""},"class_list":["post-1674","videos","type-videos","status-publish","hentry"],"acf":{"video_url":"https:\/\/www.camarasalto.sp.gov.br\/player\/comissoes\/2025\/corg\/01-extraordinaria-comissao-organizacao-14-02-2025.mp4","video_categoria":"10","data_video":"20250214","anexar_pauta":{"texto_botao_arquivo_pauta":"Pauta","arquivo_pauta":""},"anexar_ata":{"texto_botao_arquivo_ata":"Ata","arquivo_ata":""}},"views":125,"_links":{"self":[{"href":"https:\/\/camarasalto.sp.gov.br\/tvweb\/wp-json\/wp\/v2\/videos\/1674","targetHints":{"allow":["GET"]}}],"collection":[{"href":"https:\/\/camarasalto.sp.gov.br\/tvweb\/wp-json\/wp\/v2\/videos"}],"about":[{"href":"https:\/\/camarasalto.sp.gov.br\/tvweb\/wp-json\/wp\/v2\/types\/videos"}],"wp:attachment":[{"href":"https:\/\/camarasalto.sp.gov.br\/tvweb\/wp-json\/wp\/v2\/media?parent=1674"}],"curies":[{"name":"wp","href":"https:\/\/api.w.org\/{rel}","templated":true}]}}

1ª Reunião Extraordinária – Comissão de Organização – 14-02-2025
