{"id":1673,"date":"2025-02-14T11:02:13","date_gmt":"2025-02-14T14:02:13","guid":{"rendered":"https:\/\/camarasalto.sp.gov.br\/tvweb\/?post_type=videos&#038;p=1673"},"modified":"2025-02-19T14:21:41","modified_gmt":"2025-02-19T17:21:41","slug":"1a-reuniao-extraordinaria-comissao-de-constituicao-justica-e-redacao-14-02-2025","status":"publish","type":"videos","link":"https:\/\/camarasalto.sp.gov.br\/tvweb\/videos\/1a-reuniao-extraordinaria-comissao-de-constituicao-justica-e-redacao-14-02-2025\/","title":{"rendered":"1\u00aa Reuni\u00e3o Extraordin\u00e1ria &#8211; Comiss\u00e3o de Constitui\u00e7\u00e3o, Justi\u00e7a e Reda\u00e7\u00e3o &#8211; 14-02-2025"},"content":{"rendered":"","protected":false},"featured_media":0,"template":"","meta":{"_acf_changed":true,"_et_pb_use_builder":"off","_et_pb_old_content":"","_et_gb_content_width":""},"class_list":["post-1673","videos","type-videos","status-publish","hentry"],"acf":{"video_url":"https:\/\/www.camarasalto.sp.gov.br\/player\/comissoes\/2025\/ccjr\/01-extraordinaria-comissao-constituicao-justica-redacao-14-02-2025.mp4","video_categoria":"9","data_video":"20250214","anexar_pauta":{"texto_botao_arquivo_pauta":"Pauta","arquivo_pauta":""},"anexar_ata":{"texto_botao_arquivo_ata":"Ata","arquivo_ata":""}},"views":142,"_links":{"self":[{"href":"https:\/\/camarasalto.sp.gov.br\/tvweb\/wp-json\/wp\/v2\/videos\/1673","targetHints":{"allow":["GET"]}}],"collection":[{"href":"https:\/\/camarasalto.sp.gov.br\/tvweb\/wp-json\/wp\/v2\/videos"}],"about":[{"href":"https:\/\/camarasalto.sp.gov.br\/tvweb\/wp-json\/wp\/v2\/types\/videos"}],"wp:attachment":[{"href":"https:\/\/camarasalto.sp.gov.br\/tvweb\/wp-json\/wp\/v2\/media?parent=1673"}],"curies":[{"name":"wp","href":"https:\/\/api.w.org\/{rel}","templated":true}]}}

1ª Reunião Extraordinária &#8211; Comissão de Constituição, Justiça e Redação &#8211; 14-02-2025
