{"id":1612,"date":"2024-11-29T10:29:57","date_gmt":"2024-11-29T13:29:57","guid":{"rendered":"https:\/\/camarasalto.sp.gov.br\/tvweb\/?post_type=videos&#038;p=1612"},"modified":"2024-11-29T14:48:40","modified_gmt":"2024-11-29T17:48:40","slug":"reuniao-secretaria-de-desenvolvimento-economico-trabalho-tecnologia-e-inovacao-29-11-2024","status":"publish","type":"videos","link":"https:\/\/camarasalto.sp.gov.br\/tvweb\/videos\/reuniao-secretaria-de-desenvolvimento-economico-trabalho-tecnologia-e-inovacao-29-11-2024\/","title":{"rendered":"Reuni\u00e3o &#8211; Vereadores e Secret\u00e1ria de Desenvolvimento Econ\u00f4mico, Trabalho, Tecnologia e Inova\u00e7\u00e3o &#8211; Presta\u00e7\u00e3o de Contas Semestral (LOM) &#8211; 29-11-2024"},"content":{"rendered":"","protected":false},"featured_media":0,"template":"","meta":{"_acf_changed":true,"_et_pb_use_builder":"off","_et_pb_old_content":"","_et_gb_content_width":""},"class_list":["post-1612","videos","type-videos","status-publish","hentry"],"acf":{"video_url":"https:\/\/www.camarasalto.sp.gov.br\/player\/reunioes\/25-reuniao-vereadores-secretaria-desenvolvimento-economico-trabalho-tecnologia-inovacao-lom-29-11-2024.mp4","video_categoria":"15","data_video":"20241129","anexar_pauta":{"texto_botao_arquivo_pauta":"Pauta","arquivo_pauta":""},"anexar_ata":{"texto_botao_arquivo_ata":"Ata","arquivo_ata":""}},"views":201,"_links":{"self":[{"href":"https:\/\/camarasalto.sp.gov.br\/tvweb\/wp-json\/wp\/v2\/videos\/1612","targetHints":{"allow":["GET"]}}],"collection":[{"href":"https:\/\/camarasalto.sp.gov.br\/tvweb\/wp-json\/wp\/v2\/videos"}],"about":[{"href":"https:\/\/camarasalto.sp.gov.br\/tvweb\/wp-json\/wp\/v2\/types\/videos"}],"wp:attachment":[{"href":"https:\/\/camarasalto.sp.gov.br\/tvweb\/wp-json\/wp\/v2\/media?parent=1612"}],"curies":[{"name":"wp","href":"https:\/\/api.w.org\/{rel}","templated":true}]}}

Reunião &#8211; Vereadores e Secretária de Desenvolvimento Econômico, Trabalho, Tecnologia e Inovação &#8211; Prestação de Contas Semestral (LOM) &#8211; 29-11-2024
