{"id":1603,"date":"2024-11-22T12:56:57","date_gmt":"2024-11-22T15:56:57","guid":{"rendered":"https:\/\/camarasalto.sp.gov.br\/tvweb\/?post_type=videos&#038;p=1603"},"modified":"2024-11-29T13:24:10","modified_gmt":"2024-11-29T16:24:10","slug":"reuniao-vereadores-e-superintendente-do-saae-prestacao-de-contas-semestral-lom-22-11-2024","status":"publish","type":"videos","link":"https:\/\/camarasalto.sp.gov.br\/tvweb\/videos\/reuniao-vereadores-e-superintendente-do-saae-prestacao-de-contas-semestral-lom-22-11-2024\/","title":{"rendered":"Reuni\u00e3o &#8211; Vereadores e Superintendente do SAAE &#8211; Presta\u00e7\u00e3o de Contas Semestral (LOM) &#8211; 22-11-2024"},"content":{"rendered":"","protected":false},"featured_media":0,"template":"","meta":{"_acf_changed":true,"_et_pb_use_builder":"off","_et_pb_old_content":"","_et_gb_content_width":""},"class_list":["post-1603","videos","type-videos","status-publish","hentry"],"acf":{"video_url":"https:\/\/www.camarasalto.sp.gov.br\/player\/reunioes\/22-reuniao-vereadores-superintendente-saae-lom-22-11-2024.mp4","video_categoria":"15","data_video":"20241122","anexar_pauta":{"texto_botao_arquivo_pauta":"Pauta","arquivo_pauta":""},"anexar_ata":{"texto_botao_arquivo_ata":"Ata","arquivo_ata":""}},"views":317,"_links":{"self":[{"href":"https:\/\/camarasalto.sp.gov.br\/tvweb\/wp-json\/wp\/v2\/videos\/1603","targetHints":{"allow":["GET"]}}],"collection":[{"href":"https:\/\/camarasalto.sp.gov.br\/tvweb\/wp-json\/wp\/v2\/videos"}],"about":[{"href":"https:\/\/camarasalto.sp.gov.br\/tvweb\/wp-json\/wp\/v2\/types\/videos"}],"wp:attachment":[{"href":"https:\/\/camarasalto.sp.gov.br\/tvweb\/wp-json\/wp\/v2\/media?parent=1603"}],"curies":[{"name":"wp","href":"https:\/\/api.w.org\/{rel}","templated":true}]}}

Reunião &#8211; Vereadores e Superintendente do SAAE &#8211; Prestação de Contas Semestral (LOM) &#8211; 22-11-2024
