{"id":1598,"date":"2024-11-18T11:37:13","date_gmt":"2024-11-18T14:37:13","guid":{"rendered":"https:\/\/camarasalto.sp.gov.br\/tvweb\/?post_type=videos&#038;p=1598"},"modified":"2024-11-29T14:47:58","modified_gmt":"2024-11-29T17:47:58","slug":"reuniao-vereadores-e-secretario-de-defesa-social-prestacao-de-contas-semestral-lom-18-11-2024","status":"publish","type":"videos","link":"https:\/\/camarasalto.sp.gov.br\/tvweb\/videos\/reuniao-vereadores-e-secretario-de-defesa-social-prestacao-de-contas-semestral-lom-18-11-2024\/","title":{"rendered":"Reuni\u00e3o &#8211; Vereadores e Secret\u00e1rio de Defesa Social &#8211; Presta\u00e7\u00e3o de Contas Semestral (LOM) &#8211; 18-11-2024"},"content":{"rendered":"","protected":false},"featured_media":0,"template":"","meta":{"_acf_changed":true,"_et_pb_use_builder":"off","_et_pb_old_content":"","_et_gb_content_width":""},"class_list":["post-1598","videos","type-videos","status-publish","hentry"],"acf":{"video_url":"https:\/\/www.camarasalto.sp.gov.br\/player\/reunioes\/20-reuniao-vereadores-secretario-defesa-social-lom-18-11-2024.mp4","video_categoria":"15","data_video":"20241118","anexar_pauta":{"texto_botao_arquivo_pauta":"Pauta","arquivo_pauta":""},"anexar_ata":{"texto_botao_arquivo_ata":"Ata","arquivo_ata":""}},"views":262,"_links":{"self":[{"href":"https:\/\/camarasalto.sp.gov.br\/tvweb\/wp-json\/wp\/v2\/videos\/1598","targetHints":{"allow":["GET"]}}],"collection":[{"href":"https:\/\/camarasalto.sp.gov.br\/tvweb\/wp-json\/wp\/v2\/videos"}],"about":[{"href":"https:\/\/camarasalto.sp.gov.br\/tvweb\/wp-json\/wp\/v2\/types\/videos"}],"wp:attachment":[{"href":"https:\/\/camarasalto.sp.gov.br\/tvweb\/wp-json\/wp\/v2\/media?parent=1598"}],"curies":[{"name":"wp","href":"https:\/\/api.w.org\/{rel}","templated":true}]}}

Reunião &#8211; Vereadores e Secretário de Defesa Social &#8211; Prestação de Contas Semestral (LOM) &#8211; 18-11-2024
