{"id":1355,"date":"2019-10-17T00:00:00","date_gmt":"2019-10-17T03:00:00","guid":{"rendered":"http:\/\/camarasalto.sp.gov.br\/tvweb\/videos\/audiencia-publica-loa-17-10-2019-audio\/"},"modified":"2024-08-23T09:40:57","modified_gmt":"2024-08-23T12:40:57","slug":"audiencia-publica-loa-17-10-2019-audio","status":"publish","type":"videos","link":"https:\/\/camarasalto.sp.gov.br\/tvweb\/videos\/audiencia-publica-loa-17-10-2019-audio\/","title":{"rendered":"Audi\u00eancia P\u00fablica &#8211; LOA &#8211; 17-10-2019 &#8211; \u00c1udio"},"content":{"rendered":"","protected":false},"featured_media":0,"template":"","meta":{"_acf_changed":false,"_et_pb_use_builder":"","_et_pb_old_content":"","_et_gb_content_width":""},"class_list":["post-1355","videos","type-videos","status-publish","hentry"],"acf":{"video_url":"https:\/\/www.camarasalto.sp.gov.br\/player\/audiencias-publicas\/audiencia-publica-loa-17-10-2019-audio.mp3","video_categoria":"7","data_video":"20191017","anexar_pauta":{"texto_botao_arquivo_pauta":"Pauta","arquivo_pauta":null},"anexar_ata":{"texto_botao_arquivo_ata":"Ata","arquivo_ata":null}},"views":126,"_links":{"self":[{"href":"https:\/\/camarasalto.sp.gov.br\/tvweb\/wp-json\/wp\/v2\/videos\/1355","targetHints":{"allow":["GET"]}}],"collection":[{"href":"https:\/\/camarasalto.sp.gov.br\/tvweb\/wp-json\/wp\/v2\/videos"}],"about":[{"href":"https:\/\/camarasalto.sp.gov.br\/tvweb\/wp-json\/wp\/v2\/types\/videos"}],"wp:attachment":[{"href":"https:\/\/camarasalto.sp.gov.br\/tvweb\/wp-json\/wp\/v2\/media?parent=1355"}],"curies":[{"name":"wp","href":"https:\/\/api.w.org\/{rel}","templated":true}]}}

Audiência Pública &#8211; LOA &#8211; 17-10-2019 &#8211; Áudio
