{"id":1341,"date":"2017-04-26T00:00:00","date_gmt":"2017-04-26T03:00:00","guid":{"rendered":"http:\/\/camarasalto.sp.gov.br\/tvweb\/videos\/reuniao-servico-funerario-26-04-2017-parte-1\/"},"modified":"2024-08-23T11:30:15","modified_gmt":"2024-08-23T14:30:15","slug":"reuniao-servico-funerario-26-04-2017-parte-1","status":"publish","type":"videos","link":"https:\/\/camarasalto.sp.gov.br\/tvweb\/videos\/reuniao-servico-funerario-26-04-2017-parte-1\/","title":{"rendered":"Reuni\u00e3o &#8211; Servi\u00e7o Funer\u00e1rio &#8211; 26-04-2017 &#8211; Parte 1"},"content":{"rendered":"","protected":false},"featured_media":0,"template":"","meta":{"_acf_changed":false,"_et_pb_use_builder":"","_et_pb_old_content":"","_et_gb_content_width":""},"class_list":["post-1341","videos","type-videos","status-publish","hentry"],"acf":{"video_url":"https:\/\/www.camarasalto.sp.gov.br\/player\/reunioes\/reuniao-prefeitura-empresa-funeraria-saltense-26-04-2017-parte-1.mp4","video_categoria":"17","data_video":"20170426","anexar_pauta":{"texto_botao_arquivo_pauta":"Pauta","arquivo_pauta":null},"anexar_ata":{"texto_botao_arquivo_ata":"Ata","arquivo_ata":null}},"views":291,"_links":{"self":[{"href":"https:\/\/camarasalto.sp.gov.br\/tvweb\/wp-json\/wp\/v2\/videos\/1341","targetHints":{"allow":["GET"]}}],"collection":[{"href":"https:\/\/camarasalto.sp.gov.br\/tvweb\/wp-json\/wp\/v2\/videos"}],"about":[{"href":"https:\/\/camarasalto.sp.gov.br\/tvweb\/wp-json\/wp\/v2\/types\/videos"}],"wp:attachment":[{"href":"https:\/\/camarasalto.sp.gov.br\/tvweb\/wp-json\/wp\/v2\/media?parent=1341"}],"curies":[{"name":"wp","href":"https:\/\/api.w.org\/{rel}","templated":true}]}}

Reunião &#8211; Serviço Funerário &#8211; 26-04-2017 &#8211; Parte 1
