{"id":1337,"date":"2016-04-01T00:00:00","date_gmt":"2016-04-01T03:00:00","guid":{"rendered":"http:\/\/camarasalto.sp.gov.br\/tvweb\/videos\/2a-sessao-extraordinaria-01-04-2016-anulada-pela-justica\/"},"modified":"2016-04-01T00:00:00","modified_gmt":"2016-04-01T03:00:00","slug":"2a-sessao-extraordinaria-01-04-2016-anulada-pela-justica","status":"publish","type":"videos","link":"https:\/\/camarasalto.sp.gov.br\/tvweb\/videos\/2a-sessao-extraordinaria-01-04-2016-anulada-pela-justica\/","title":{"rendered":"2\u00aa Sess\u00e3o Extraordin\u00e1ria &#8211; 01-04-2016 &#8211; Anulada pela Justi\u00e7a"},"content":{"rendered":"","protected":false},"featured_media":0,"template":"","meta":{"_acf_changed":false,"_et_pb_use_builder":"","_et_pb_old_content":"","_et_gb_content_width":""},"class_list":["post-1337","videos","type-videos","status-publish","hentry"],"acf":{"video_url":"https:\/\/www.camarasalto.sp.gov.br\/player\/sessoes-extraordinarias\/2-sessao-extraordinaria-01-04-2016-anulada-pela-justica.mp4","video_categoria":"2","data_video":"20160401","anexar_pauta":{"texto_botao_arquivo_pauta":"Pauta","arquivo_pauta":null},"anexar_ata":{"texto_botao_arquivo_ata":"Ata","arquivo_ata":null}},"views":137,"_links":{"self":[{"href":"https:\/\/camarasalto.sp.gov.br\/tvweb\/wp-json\/wp\/v2\/videos\/1337","targetHints":{"allow":["GET"]}}],"collection":[{"href":"https:\/\/camarasalto.sp.gov.br\/tvweb\/wp-json\/wp\/v2\/videos"}],"about":[{"href":"https:\/\/camarasalto.sp.gov.br\/tvweb\/wp-json\/wp\/v2\/types\/videos"}],"wp:attachment":[{"href":"https:\/\/camarasalto.sp.gov.br\/tvweb\/wp-json\/wp\/v2\/media?parent=1337"}],"curies":[{"name":"wp","href":"https:\/\/api.w.org\/{rel}","templated":true}]}}

2ª Sessão Extraordinária &#8211; 01-04-2016 &#8211; Anulada pela Justiça
